Last updated on 2025-02-22 06:51:50 CET.
Flavor | Version | Tinstall | Tcheck | Ttotal | Status | Flags |
---|---|---|---|---|---|---|
r-devel-linux-x86_64-debian-clang | 1.0.1 | 3.31 | 93.36 | 96.67 | OK | |
r-devel-linux-x86_64-debian-gcc | 1.0.1 | 2.39 | 65.79 | 68.18 | OK | |
r-devel-linux-x86_64-fedora-clang | 1.0.1 | 146.43 | OK | |||
r-devel-linux-x86_64-fedora-gcc | 1.0.1 | 154.32 | OK | |||
r-devel-macos-arm64 | 1.0.1 | 46.00 | OK | |||
r-devel-macos-x86_64 | 1.0.1 | 90.00 | OK | |||
r-devel-windows-x86_64 | 1.0.1 | 7.00 | 100.00 | 107.00 | OK | |
r-patched-linux-x86_64 | 1.0.1 | 3.20 | 89.30 | 92.50 | OK | |
r-release-linux-x86_64 | 1.0.1 | 2.45 | 89.15 | 91.60 | OK | |
r-release-macos-arm64 | 1.0.1 | 44.00 | NOTE | |||
r-release-macos-x86_64 | 1.0.1 | 72.00 | NOTE | |||
r-release-windows-x86_64 | 1.0.1 | 5.00 | 101.00 | 106.00 | NOTE | |
r-oldrel-macos-arm64 | 1.0.1 | 53.00 | NOTE | |||
r-oldrel-macos-x86_64 | 1.0.1 | 76.00 | NOTE | |||
r-oldrel-windows-x86_64 | 1.0.1 | 6.00 | 124.00 | 130.00 | NOTE |
Version: 1.0.1
Check: installed package size
Result: NOTE
installed size is 6.8Mb
sub-directories of 1Mb or more:
doc 5.4Mb
extdata 1.1Mb
Flavors: r-release-macos-arm64, r-release-macos-x86_64, r-release-windows-x86_64, r-oldrel-macos-arm64, r-oldrel-macos-x86_64, r-oldrel-windows-x86_64