Last updated on 2025-02-22 06:51:50 CET.
Flavor | Version | Tinstall | Tcheck | Ttotal | Status | Flags |
---|---|---|---|---|---|---|
r-devel-linux-x86_64-debian-clang | 1.0.0 | 17.24 | 176.25 | 193.49 | NOTE | |
r-devel-linux-x86_64-debian-gcc | 1.0.0 | 11.45 | 118.92 | 130.37 | NOTE | |
r-devel-linux-x86_64-fedora-clang | 1.0.0 | 308.15 | NOTE | |||
r-devel-linux-x86_64-fedora-gcc | 1.0.0 | 301.45 | NOTE | |||
r-devel-macos-arm64 | 1.0.0 | 98.00 | NOTE | |||
r-devel-macos-x86_64 | 1.0.0 | 187.00 | NOTE | |||
r-devel-windows-x86_64 | 1.0.0 | 19.00 | 174.00 | 193.00 | NOTE | |
r-patched-linux-x86_64 | 1.0.0 | 15.79 | 163.84 | 179.63 | NOTE | |
r-release-linux-x86_64 | 1.0.0 | 14.32 | 165.99 | 180.31 | NOTE | |
r-release-macos-arm64 | 1.0.0 | 85.00 | NOTE | |||
r-release-macos-x86_64 | 1.0.0 | 148.00 | NOTE | |||
r-release-windows-x86_64 | 1.0.0 | 18.00 | 176.00 | 194.00 | NOTE | |
r-oldrel-macos-arm64 | 1.0.0 | 85.00 | OK | |||
r-oldrel-macos-x86_64 | 1.0.0 | 137.00 | OK | |||
r-oldrel-windows-x86_64 | 1.0.0 | 24.00 | 229.00 | 253.00 | OK |
Version: 1.0.0
Check: Rd files
Result: NOTE
checkRd: (-1) compdesc.Rd:24: Lost braces in \itemize; \value handles \item{}{} directly
checkRd: (-1) compdesc.Rd:25: Lost braces in \itemize; \value handles \item{}{} directly
checkRd: (-1) compdesc.Rd:26: Lost braces in \itemize; \value handles \item{}{} directly
checkRd: (-1) compdesc.Rd:27: Lost braces in \itemize; \value handles \item{}{} directly
checkRd: (-1) compdesc.Rd:28: Lost braces in \itemize; \value handles \item{}{} directly
checkRd: (-1) compdesc.Rd:29: Lost braces in \itemize; \value handles \item{}{} directly
checkRd: (-1) compdesc.Rd:30: Lost braces in \itemize; \value handles \item{}{} directly
checkRd: (-1) compdesc.Rd:31: Lost braces in \itemize; \value handles \item{}{} directly
checkRd: (-1) compdesc.Rd:32: Lost braces in \itemize; \value handles \item{}{} directly
Flavors: r-devel-linux-x86_64-debian-clang, r-devel-linux-x86_64-debian-gcc, r-devel-linux-x86_64-fedora-clang, r-devel-linux-x86_64-fedora-gcc, r-devel-macos-arm64, r-devel-macos-x86_64, r-devel-windows-x86_64, r-patched-linux-x86_64, r-release-linux-x86_64, r-release-macos-arm64, r-release-macos-x86_64, r-release-windows-x86_64