Last updated on 2025-02-22 06:51:50 CET.
Flavor | Version | Tinstall | Tcheck | Ttotal | Status | Flags |
---|---|---|---|---|---|---|
r-devel-linux-x86_64-debian-clang | 1.1.0 | 5.04 | 66.75 | 71.79 | NOTE | |
r-devel-linux-x86_64-debian-gcc | 1.1.0 | 3.68 | 46.84 | 50.52 | NOTE | |
r-devel-linux-x86_64-fedora-clang | 1.1.0 | 126.43 | NOTE | |||
r-devel-linux-x86_64-fedora-gcc | 1.1.0 | 122.14 | NOTE | |||
r-devel-macos-arm64 | 1.1.0 | 40.00 | OK | |||
r-devel-macos-x86_64 | 1.1.0 | 85.00 | NOTE | |||
r-devel-windows-x86_64 | 1.1.0 | 8.00 | 79.00 | 87.00 | NOTE | |
r-patched-linux-x86_64 | 1.1.0 | 4.87 | 61.60 | 66.47 | OK | |
r-release-linux-x86_64 | 1.1.0 | 3.10 | 62.34 | 65.44 | OK | |
r-release-macos-arm64 | 1.1.0 | 47.00 | OK | |||
r-release-macos-x86_64 | 1.1.0 | 79.00 | OK | |||
r-release-windows-x86_64 | 1.1.0 | 9.00 | 78.00 | 87.00 | OK | |
r-oldrel-macos-arm64 | 1.1.0 | 46.00 | OK | |||
r-oldrel-macos-x86_64 | 1.1.0 | 75.00 | OK | |||
r-oldrel-windows-x86_64 | 1.1.0 | 9.00 | 94.00 | 103.00 | OK |
Version: 1.1.0
Check: DESCRIPTION meta-information
Result: NOTE
Missing dependency on R >= 4.1.0 because package code uses the pipe
|> or function shorthand \(...) syntax added in R 4.1.0.
File(s) using such syntax:
‘estimate_accuracy.R’
Flavors: r-devel-linux-x86_64-debian-clang, r-devel-linux-x86_64-debian-gcc, r-devel-linux-x86_64-fedora-clang, r-devel-linux-x86_64-fedora-gcc, r-devel-macos-x86_64, r-devel-windows-x86_64