Last updated on 2025-02-22 06:51:50 CET.
Flavor | Version | Tinstall | Tcheck | Ttotal | Status | Flags |
---|---|---|---|---|---|---|
r-devel-linux-x86_64-debian-clang | 0.1.1 | 5.64 | 51.20 | 56.84 | NOTE | |
r-devel-linux-x86_64-debian-gcc | 0.1.1 | 3.92 | 35.22 | 39.14 | NOTE | |
r-devel-linux-x86_64-fedora-clang | 0.1.1 | 98.71 | NOTE | |||
r-devel-linux-x86_64-fedora-gcc | 0.1.1 | 83.18 | NOTE | |||
r-devel-macos-arm64 | 0.1.1 | 29.00 | OK | |||
r-devel-macos-x86_64 | 0.1.1 | 60.00 | NOTE | |||
r-devel-windows-x86_64 | 0.1.1 | 7.00 | 64.00 | 71.00 | NOTE | |
r-patched-linux-x86_64 | 0.1.1 | 5.11 | 46.65 | 51.76 | OK | |
r-release-linux-x86_64 | 0.1.1 | 5.75 | 46.42 | 52.17 | OK | |
r-release-macos-arm64 | 0.1.1 | 28.00 | OK | |||
r-release-macos-x86_64 | 0.1.1 | 56.00 | OK | |||
r-release-windows-x86_64 | 0.1.1 | 7.00 | 64.00 | 71.00 | OK | |
r-oldrel-macos-arm64 | 0.1.1 | 34.00 | OK | |||
r-oldrel-macos-x86_64 | 0.1.1 | 60.00 | OK | |||
r-oldrel-windows-x86_64 | 0.1.1 | 9.00 | 75.00 | 84.00 | OK |
Version: 0.1.1
Check: DESCRIPTION meta-information
Result: NOTE
Missing dependency on R >= 4.1.0 because package code uses the pipe
|> or function shorthand \(...) syntax added in R 4.1.0.
File(s) using such syntax:
‘readtextgrid.R’
Flavors: r-devel-linux-x86_64-debian-clang, r-devel-linux-x86_64-debian-gcc, r-devel-linux-x86_64-fedora-clang, r-devel-linux-x86_64-fedora-gcc, r-devel-macos-x86_64, r-devel-windows-x86_64