Last updated on 2025-02-22 06:51:50 CET.
Flavor | Version | Tinstall | Tcheck | Ttotal | Status | Flags |
---|---|---|---|---|---|---|
r-devel-linux-x86_64-debian-clang | 0.3.5 | 2.71 | 33.20 | 35.91 | NOTE | |
r-devel-linux-x86_64-debian-gcc | 0.3.5 | 2.80 | 26.38 | 29.18 | NOTE | |
r-devel-linux-x86_64-fedora-clang | 0.3.5 | 59.83 | NOTE | |||
r-devel-linux-x86_64-fedora-gcc | 0.3.5 | 56.34 | NOTE | |||
r-devel-macos-arm64 | 0.3.5 | 25.00 | NOTE | |||
r-devel-macos-x86_64 | 0.3.5 | 42.00 | NOTE | |||
r-devel-windows-x86_64 | 0.3.5 | 5.00 | 51.00 | 56.00 | NOTE | |
r-patched-linux-x86_64 | 0.3.5 | 3.51 | 32.14 | 35.65 | NOTE | |
r-release-linux-x86_64 | 0.3.5 | 3.13 | 32.19 | 35.32 | NOTE | |
r-release-macos-arm64 | 0.3.5 | 26.00 | NOTE | |||
r-release-macos-x86_64 | 0.3.5 | 36.00 | NOTE | |||
r-release-windows-x86_64 | 0.3.5 | 5.00 | 52.00 | 57.00 | NOTE | |
r-oldrel-macos-arm64 | 0.3.5 | 22.00 | NOTE | |||
r-oldrel-macos-x86_64 | 0.3.5 | 31.00 | NOTE | |||
r-oldrel-windows-x86_64 | 0.3.5 | 6.00 | 57.00 | 63.00 | NOTE |
Version: 0.3.5
Check: package subdirectories
Result: NOTE
Problems with news in ‘NEWS.md’:
No news entries found.
Flavors: r-devel-linux-x86_64-debian-clang, r-devel-linux-x86_64-debian-gcc, r-devel-linux-x86_64-fedora-clang, r-devel-linux-x86_64-fedora-gcc, r-devel-macos-arm64, r-devel-macos-x86_64, r-devel-windows-x86_64, r-patched-linux-x86_64, r-release-linux-x86_64, r-release-macos-arm64, r-release-macos-x86_64, r-release-windows-x86_64, r-oldrel-macos-arm64, r-oldrel-macos-x86_64, r-oldrel-windows-x86_64