Last updated on 2025-02-22 06:51:49 CET.
Flavor | Version | Tinstall | Tcheck | Ttotal | Status | Flags |
---|---|---|---|---|---|---|
r-devel-linux-x86_64-debian-clang | 1.0.0 | 45.08 | 22.53 | 67.61 | OK | |
r-devel-linux-x86_64-debian-gcc | 1.0.0 | 38.44 | 20.80 | 59.24 | OK | |
r-devel-linux-x86_64-fedora-clang | 1.0.0 | 133.92 | OK | |||
r-devel-linux-x86_64-fedora-gcc | 1.0.0 | 134.73 | OK | |||
r-devel-macos-arm64 | 1.0.0 | 34.00 | OK | |||
r-devel-macos-x86_64 | 1.0.0 | 56.00 | OK | |||
r-devel-windows-x86_64 | 1.0.0 | 45.00 | 66.00 | 111.00 | OK | |
r-patched-linux-x86_64 | 1.0.0 | 49.41 | 25.26 | 74.67 | OK | |
r-release-linux-x86_64 | 1.0.0 | 51.43 | 25.13 | 76.56 | OK | |
r-release-macos-arm64 | 1.0.0 | 38.00 | NOTE | |||
r-release-macos-x86_64 | 1.0.0 | 73.00 | NOTE | |||
r-release-windows-x86_64 | 1.0.0 | 48.00 | 68.00 | 116.00 | OK | |
r-oldrel-macos-arm64 | 1.0.0 | 40.00 | NOTE | |||
r-oldrel-macos-x86_64 | 1.0.0 | 89.00 | NOTE | |||
r-oldrel-windows-x86_64 | 1.0.0 | 58.00 | 77.00 | 135.00 | OK |
Version: 1.0.0
Check: installed package size
Result: NOTE
installed size is 19.2Mb
sub-directories of 1Mb or more:
libs 19.1Mb
Flavors: r-release-macos-arm64, r-release-macos-x86_64, r-oldrel-macos-arm64, r-oldrel-macos-x86_64