CRAN Package Check Results for Package tm.plugin.alceste

Last updated on 2025-02-22 06:51:49 CET.

Flavor Version Tinstall Tcheck Ttotal Status Flags
r-devel-linux-x86_64-debian-clang 1.1.1 2.64 26.06 28.70 NOTE
r-devel-linux-x86_64-debian-gcc 1.1.1 2.28 20.16 22.44 NOTE
r-devel-linux-x86_64-fedora-clang 1.1.1 45.56 OK
r-devel-linux-x86_64-fedora-gcc 1.1.1 46.17 OK
r-devel-macos-arm64 1.1.1 17.00 OK
r-devel-macos-x86_64 1.1.1 29.00 OK
r-devel-windows-x86_64 1.1.1 4.00 46.00 50.00 NOTE
r-patched-linux-x86_64 1.1.1 4.49 24.96 29.45 OK
r-release-linux-x86_64 1.1.1 2.07 25.17 27.24 OK
r-release-macos-arm64 1.1.1 19.00 OK
r-release-macos-x86_64 1.1.1 25.00 OK
r-release-windows-x86_64 1.1.1 4.00 45.00 49.00 OK
r-oldrel-macos-arm64 1.1.1 22.00 OK
r-oldrel-macos-x86_64 1.1.1 37.00 OK
r-oldrel-windows-x86_64 1.1.1 5.00 48.00 53.00 OK

Check Details

Version: 1.1.1
Check: Rd cross-references
Result: NOTE Found the following Rd file(s) with Rd \link{} targets missing package anchors: AlcesteSource.Rd: meta, getSources readAlceste.Rd: getReaders Please provide package anchors for all Rd \link{} targets not in the package itself and the base packages. Flavors: r-devel-linux-x86_64-debian-clang, r-devel-linux-x86_64-debian-gcc, r-devel-windows-x86_64