Last updated on 2025-02-22 06:51:49 CET.
Flavor | Version | Tinstall | Tcheck | Ttotal | Status | Flags |
---|---|---|---|---|---|---|
r-devel-linux-x86_64-debian-clang | 1.0.1 | 0.42 | 1.91 | 2.33 | ERROR | |
r-devel-linux-x86_64-debian-gcc | 1.0.1 | 19.78 | 168.79 | 188.57 | OK | |
r-devel-linux-x86_64-fedora-clang | 1.0.1 | 392.23 | OK | |||
r-devel-linux-x86_64-fedora-gcc | 1.0.1 | 372.59 | OK | |||
r-devel-macos-arm64 | 1.0.1 | 112.00 | OK | |||
r-devel-macos-x86_64 | 1.0.1 | 148.00 | OK | |||
r-devel-windows-x86_64 | 1.0.1 | 24.00 | 198.00 | 222.00 | OK | |
r-patched-linux-x86_64 | 1.0.1 | 22.42 | 222.11 | 244.53 | OK | |
r-release-linux-x86_64 | 1.0.1 | 21.68 | 223.20 | 244.88 | OK | |
r-release-macos-arm64 | 1.0.1 | 100.00 | OK | |||
r-release-macos-x86_64 | 1.0.1 | 151.00 | OK | |||
r-release-windows-x86_64 | 1.0.1 | 23.00 | 201.00 | 224.00 | OK | |
r-oldrel-macos-arm64 | 1.0.1 | 140.00 | OK | |||
r-oldrel-macos-x86_64 | 1.0.1 | 255.00 | OK | |||
r-oldrel-windows-x86_64 | 1.0.1 | 24.00 | 259.00 | 283.00 | OK |
Version: 1.0.1
Check: package dependencies
Result: ERROR
Package required but not available: ‘rstanarm’
See section ‘The DESCRIPTION file’ in the ‘Writing R Extensions’
manual.
Flavor: r-devel-linux-x86_64-debian-clang