CRAN Package Check Results for Package theiaR

Last updated on 2025-02-22 06:51:49 CET.

Flavor Version Tinstall Tcheck Ttotal Status Flags
r-devel-linux-x86_64-debian-clang 0.4.0 4.93 32.92 37.85 OK
r-devel-linux-x86_64-debian-gcc 0.4.0 3.91 24.28 28.19 OK
r-devel-linux-x86_64-fedora-clang 0.4.0 68.60 OK
r-devel-linux-x86_64-fedora-gcc 0.4.0 74.09 OK
r-devel-macos-arm64 0.4.0 29.00 OK
r-devel-macos-x86_64 0.4.0 53.00 OK
r-devel-windows-x86_64 0.4.0 6.00 52.00 58.00 OK
r-patched-linux-x86_64 0.4.0 4.37 31.28 35.65 NOTE
r-release-linux-x86_64 0.4.0 4.50 31.40 35.90 NOTE
r-release-macos-arm64 0.4.0 26.00 NOTE
r-release-macos-x86_64 0.4.0 40.00 NOTE
r-release-windows-x86_64 0.4.0 6.00 53.00 59.00 NOTE
r-oldrel-macos-arm64 0.4.0 30.00 NOTE
r-oldrel-macos-x86_64 0.4.0 44.00 NOTE
r-oldrel-windows-x86_64 0.4.0 7.00 59.00 66.00 NOTE

Check Details

Version: 0.4.0
Check: LazyData
Result: NOTE 'LazyData' is specified without a 'data' directory Flavors: r-patched-linux-x86_64, r-release-linux-x86_64, r-release-macos-arm64, r-release-macos-x86_64, r-release-windows-x86_64, r-oldrel-macos-arm64, r-oldrel-macos-x86_64, r-oldrel-windows-x86_64