Last updated on 2025-02-22 06:51:48 CET.
Flavor | Version | Tinstall | Tcheck | Ttotal | Status | Flags |
---|---|---|---|---|---|---|
r-devel-linux-x86_64-debian-clang | 1.1.2 | 4.95 | 71.30 | 76.25 | NOTE | |
r-devel-linux-x86_64-debian-gcc | 1.1.2 | 2.51 | 48.97 | 51.48 | NOTE | |
r-devel-linux-x86_64-fedora-clang | 1.1.2 | 134.28 | OK | |||
r-devel-linux-x86_64-fedora-gcc | 1.1.2 | 142.28 | OK | |||
r-devel-macos-arm64 | 1.1.2 | 42.00 | OK | |||
r-devel-macos-x86_64 | 1.1.2 | 95.00 | OK | |||
r-devel-windows-x86_64 | 1.1.2 | 5.00 | 100.00 | 105.00 | NOTE | |
r-patched-linux-x86_64 | 1.1.2 | 6.48 | 66.86 | 73.34 | OK | |
r-release-linux-x86_64 | 1.1.2 | 4.17 | 66.92 | 71.09 | OK | |
r-release-macos-arm64 | 1.1.2 | 38.00 | OK | |||
r-release-macos-x86_64 | 1.1.2 | 77.00 | OK | |||
r-release-windows-x86_64 | 1.1.2 | 5.00 | 95.00 | 100.00 | OK | |
r-oldrel-macos-arm64 | 1.1.2 | 39.00 | OK | |||
r-oldrel-macos-x86_64 | 1.1.2 | 63.00 | OK | |||
r-oldrel-windows-x86_64 | 1.1.2 | 7.00 | 112.00 | 119.00 | OK |
Version: 1.1.2
Check: Rd cross-references
Result: NOTE
Found the following Rd file(s) with Rd \link{} targets missing package
anchors:
Tagged_table.Rd: data.table
as.data.table.Mashed_table.Rd: as.data.table, data.table
as_workbook.Rd: openxlsx
cmash.Rd: data.table
write_worksheet.Rd: openxlsx
Please provide package anchors for all Rd \link{} targets not in the
package itself and the base packages.
Flavors: r-devel-linux-x86_64-debian-clang, r-devel-linux-x86_64-debian-gcc, r-devel-windows-x86_64