Last updated on 2024-07-27 06:48:22 CEST.
Flavor | Version | Tinstall | Tcheck | Ttotal | Status | Flags |
---|---|---|---|---|---|---|
r-devel-linux-x86_64-debian-clang | 1.8-0 | 20.04 | 260.15 | 280.19 | OK | |
r-devel-linux-x86_64-debian-gcc | 1.8-0 | NOTE | ||||
r-devel-linux-x86_64-fedora-clang | 1.8-0 | 369.87 | OK | |||
r-devel-linux-x86_64-fedora-gcc | 1.8-0 | 340.27 | OK | |||
r-devel-windows-x86_64 | 1.8-0 | 23.00 | 266.00 | 289.00 | NOTE | |
r-patched-linux-x86_64 | 1.8-0 | OK | ||||
r-release-linux-x86_64 | 1.8-0 | 23.57 | 241.34 | 264.91 | OK | |
r-release-macos-arm64 | 1.8-0 | 100.00 | OK | |||
r-release-macos-x86_64 | 1.8-0 | 168.00 | OK | |||
r-release-windows-x86_64 | 1.8-0 | 22.00 | 258.00 | 280.00 | OK | |
r-oldrel-macos-arm64 | 1.8-0 | 132.00 | OK | |||
r-oldrel-macos-x86_64 | 1.8-0 | 190.00 | OK | |||
r-oldrel-windows-x86_64 | 1.8-0 | 28.00 | 293.00 | 321.00 | OK |
Version: 1.8-0
Check: Rd cross-references
Result: NOTE
Found the following Rd file(s) with Rd \link{} targets missing package
anchors:
compare.fit.synds.Rd: ggplot
multi.compare.Rd: ggplot
syn.bag.Rd: randomForest
syn.cart.Rd: ctree, rpart
syn.ipf.Rd: Ipfp
syn.ranger.Rd: ranger
syn.rf.Rd: randomForest
syn.smooth.Rd: runningmean
utility.gen.Rd: rpart, ctree
write.syn.Rd: write.dta
Please provide package anchors for all Rd \link{} targets not in the
package itself and the base packages.
Flavors: r-devel-linux-x86_64-debian-gcc, r-devel-windows-x86_64