CRAN Package Check Results for Package svKomodo

Last updated on 2025-02-22 06:51:48 CET.

Flavor Version Tinstall Tcheck Ttotal Status Flags
r-devel-linux-x86_64-debian-clang 1.0.0 2.89 25.97 28.86 NOTE
r-devel-linux-x86_64-debian-gcc 1.0.0 2.18 20.26 22.44 NOTE
r-devel-linux-x86_64-fedora-clang 1.0.0 48.10 NOTE
r-devel-linux-x86_64-fedora-gcc 1.0.0 43.75 NOTE
r-devel-macos-arm64 1.0.0 18.00 NOTE
r-devel-macos-x86_64 1.0.0 29.00 NOTE
r-devel-windows-x86_64 1.0.0 3.00 46.00 49.00 NOTE
r-patched-linux-x86_64 1.0.0 2.87 24.63 27.50 NOTE
r-release-linux-x86_64 1.0.0 2.75 24.45 27.20 NOTE
r-release-macos-arm64 1.0.0 18.00 NOTE
r-release-macos-x86_64 1.0.0 23.00 NOTE
r-release-windows-x86_64 1.0.0 3.00 48.00 51.00 NOTE
r-oldrel-macos-arm64 1.0.0 17.00 OK
r-oldrel-macos-x86_64 1.0.0 23.00 OK
r-oldrel-windows-x86_64 1.0.0 4.00 85.00 89.00 OK

Check Details

Version: 1.0.0
Check: Rd files
Result: NOTE checkRd: (-1) koInstall.Rd:24: Lost braces; missing escapes or markup? 24 | set, svKomodo loads {svSocket}, starts the socket server listening to the | ^ checkRd: (-1) svKomodo-package.Rd:18: Lost braces; missing escapes or markup? 18 | Komodo and (2) the present {svKomodo} R package that work hand in hand to | ^ checkRd: (-1) svKomodo-package.Rd:28: Lost braces; missing escapes or markup? 28 | Nevertheless, the SciViews-K Komodo addin and the {svKomodo} R package | ^ checkRd: (-1) svKomodo-package.Rd:31: Lost braces; missing escapes or markup? 31 | communication protocols developed in the {svSocket} and {svHttp} R packages. | ^ checkRd: (-1) svKomodo-package.Rd:31: Lost braces; missing escapes or markup? 31 | communication protocols developed in the {svSocket} and {svHttp} R packages. | ^ checkRd: (-1) svKomodo-package.Rd:37: Lost braces; missing escapes or markup? 37 | Both SciViews-K and {svKomodo} should be considered archived items. I keep | ^ Flavors: r-devel-linux-x86_64-debian-clang, r-devel-linux-x86_64-debian-gcc, r-devel-linux-x86_64-fedora-clang, r-devel-linux-x86_64-fedora-gcc, r-devel-macos-arm64, r-devel-macos-x86_64, r-devel-windows-x86_64, r-patched-linux-x86_64, r-release-linux-x86_64, r-release-macos-arm64, r-release-macos-x86_64, r-release-windows-x86_64