Last updated on 2025-02-21 06:49:56 CET.
Flavor | Version | Tinstall | Tcheck | Ttotal | Status | Flags |
---|---|---|---|---|---|---|
r-devel-linux-x86_64-debian-clang | 1.2.2 | 7.74 | 98.44 | 106.18 | OK | |
r-devel-linux-x86_64-debian-gcc | 1.2.2 | 4.90 | 71.87 | 76.77 | OK | |
r-devel-linux-x86_64-fedora-clang | 1.2.2 | 182.82 | OK | |||
r-devel-linux-x86_64-fedora-gcc | 1.2.2 | 191.03 | OK | |||
r-devel-macos-arm64 | 1.2.2 | 77.00 | OK | |||
r-devel-macos-x86_64 | 1.2.2 | 131.00 | OK | |||
r-devel-windows-x86_64 | 1.2.2 | 12.00 | 132.00 | 144.00 | OK | |
r-patched-linux-x86_64 | 1.2.2 | 8.61 | 90.86 | 99.47 | NOTE | |
r-release-linux-x86_64 | 1.2.2 | 7.13 | 91.18 | 98.31 | NOTE | |
r-release-macos-arm64 | 1.2.2 | 84.00 | OK | |||
r-release-macos-x86_64 | 1.2.2 | 182.00 | OK | |||
r-release-windows-x86_64 | 1.2.2 | 14.00 | 130.00 | 144.00 | OK | |
r-oldrel-macos-arm64 | 1.2.2 | 78.00 | OK | |||
r-oldrel-macos-x86_64 | 1.2.2 | 126.00 | OK | |||
r-oldrel-windows-x86_64 | 1.2.2 | 14.00 | 145.00 | 159.00 | OK |
Version: 1.2.2
Check: package dependencies
Result: NOTE
Packages suggested but not available for checking: 'pct', 'rsgeo'
Flavors: r-patched-linux-x86_64, r-release-linux-x86_64