Last updated on 2025-02-22 06:51:47 CET.
Flavor | Version | Tinstall | Tcheck | Ttotal | Status | Flags |
---|---|---|---|---|---|---|
r-devel-linux-x86_64-debian-clang | 0.9.8 | 81.73 | 145.16 | 226.89 | OK | |
r-devel-linux-x86_64-debian-gcc | 0.9.8 | 73.39 | 95.17 | 168.56 | OK | |
r-devel-linux-x86_64-fedora-clang | 0.9.8 | 396.56 | OK | |||
r-devel-linux-x86_64-fedora-gcc | 0.9.8 | 428.40 | OK | |||
r-devel-macos-arm64 | 0.9.8 | 90.00 | OK | |||
r-devel-macos-x86_64 | 0.9.8 | 170.00 | OK | |||
r-devel-windows-x86_64 | 0.9.8 | 84.00 | 166.00 | 250.00 | OK | |
r-patched-linux-x86_64 | 0.9.8 | 100.81 | 137.40 | 238.21 | OK | |
r-release-linux-x86_64 | 0.9.8 | 101.52 | 136.35 | 237.87 | OK | |
r-release-macos-arm64 | 0.9.8 | 91.00 | NOTE | |||
r-release-macos-x86_64 | 0.9.8 | 191.00 | NOTE | |||
r-release-windows-x86_64 | 0.9.8 | 83.00 | 172.00 | 255.00 | OK | |
r-oldrel-macos-arm64 | 0.9.8 | 82.00 | NOTE | |||
r-oldrel-macos-x86_64 | 0.9.8 | 167.00 | NOTE | |||
r-oldrel-windows-x86_64 | 0.9.8 | 87.00 | 224.00 | 311.00 | OK |
Version: 0.9.8
Check: installed package size
Result: NOTE
installed size is 25.5Mb
sub-directories of 1Mb or more:
libs 25.3Mb
Flavors: r-release-macos-arm64, r-release-macos-x86_64, r-oldrel-macos-arm64, r-oldrel-macos-x86_64