Last updated on 2025-02-22 06:51:47 CET.
Flavor | Version | Tinstall | Tcheck | Ttotal | Status | Flags |
---|---|---|---|---|---|---|
r-devel-linux-x86_64-debian-clang | 1.1.6 | 744.86 | 133.30 | 878.16 | OK | |
r-devel-linux-x86_64-debian-gcc | 1.1.6 | 687.24 | 153.93 | 841.17 | OK | |
r-devel-linux-x86_64-fedora-clang | 1.1.6 | 1429.76 | OK | |||
r-devel-linux-x86_64-fedora-gcc | 1.1.6 | 1908.52 | OK | |||
r-devel-macos-arm64 | 1.1.6 | 363.00 | OK | |||
r-devel-macos-x86_64 | 1.1.6 | 296.00 | OK | |||
r-devel-windows-x86_64 | 1.1.6 | 656.00 | 217.00 | 873.00 | OK | |
r-patched-linux-x86_64 | 1.1.6 | 848.26 | 195.90 | 1044.16 | NOTE | |
r-release-linux-x86_64 | 1.1.6 | 851.39 | 197.39 | 1048.78 | NOTE | |
r-release-macos-arm64 | 1.1.6 | 188.00 | NOTE | |||
r-release-macos-x86_64 | 1.1.6 | 152.00 | NOTE | |||
r-release-windows-x86_64 | 1.1.6 | 659.00 | 205.00 | 864.00 | NOTE | |
r-oldrel-macos-arm64 | 1.1.6 | 359.00 | NOTE | |||
r-oldrel-macos-x86_64 | 1.1.6 | 584.00 | NOTE | |||
r-oldrel-windows-x86_64 | 1.1.6 | 918.00 | 265.00 | 1183.00 | NOTE |
Version: 1.1.6
Check: for GNU extensions in Makefiles
Result: NOTE
GNU make is a SystemRequirements.
Flavors: r-patched-linux-x86_64, r-release-linux-x86_64, r-release-macos-arm64, r-release-macos-x86_64, r-release-windows-x86_64, r-oldrel-macos-arm64, r-oldrel-macos-x86_64, r-oldrel-windows-x86_64
Version: 1.1.6
Check: installed package size
Result: NOTE
installed size is 125.3Mb
sub-directories of 1Mb or more:
libs 124.8Mb
Flavors: r-release-macos-arm64, r-release-macos-x86_64, r-release-windows-x86_64, r-oldrel-macos-arm64, r-oldrel-macos-x86_64, r-oldrel-windows-x86_64