CRAN Package Check Results for Package spongecake

Last updated on 2025-02-22 06:51:47 CET.

Flavor Version Tinstall Tcheck Ttotal Status Flags
r-devel-linux-x86_64-debian-clang 0.1.2 4.89 38.76 43.65 OK
r-devel-linux-x86_64-debian-gcc 0.1.2 3.44 29.51 32.95 OK
r-devel-linux-x86_64-fedora-clang 0.1.2 69.76 OK
r-devel-linux-x86_64-fedora-gcc 0.1.2 64.50 OK
r-devel-macos-arm64 0.1.2 24.00 OK
r-devel-macos-x86_64 0.1.2 55.00 OK
r-devel-windows-x86_64 0.1.2 6.00 70.00 76.00 OK
r-patched-linux-x86_64 0.1.2 4.07 36.31 40.38 NOTE
r-release-linux-x86_64 0.1.2 4.24 36.13 40.37 NOTE
r-release-macos-arm64 0.1.2 23.00 NOTE
r-release-macos-x86_64 0.1.2 45.00 NOTE
r-release-windows-x86_64 0.1.2 6.00 55.00 61.00 NOTE
r-oldrel-macos-arm64 0.1.2 26.00 NOTE
r-oldrel-macos-x86_64 0.1.2 36.00 NOTE
r-oldrel-windows-x86_64 0.1.2 7.00 65.00 72.00 NOTE

Check Details

Version: 0.1.2
Check: LazyData
Result: NOTE 'LazyData' is specified without a 'data' directory Flavors: r-patched-linux-x86_64, r-release-linux-x86_64, r-release-macos-arm64, r-release-macos-x86_64, r-release-windows-x86_64, r-oldrel-macos-arm64, r-oldrel-macos-x86_64, r-oldrel-windows-x86_64