Last updated on 2025-02-22 06:51:47 CET.
Flavor | Version | Tinstall | Tcheck | Ttotal | Status | Flags |
---|---|---|---|---|---|---|
r-devel-linux-x86_64-debian-clang | 1.4.0 | 145.13 | 151.79 | 296.92 | NOTE | |
r-devel-linux-x86_64-debian-gcc | 1.4.0 | 99.83 | 103.34 | 203.17 | NOTE | |
r-devel-linux-x86_64-fedora-clang | 1.4.0 | 530.93 | OK | |||
r-devel-linux-x86_64-fedora-gcc | 1.4.0 | 534.43 | OK | |||
r-devel-macos-arm64 | 1.4.0 | 207.00 | OK | |||
r-devel-macos-x86_64 | 1.4.0 | 379.00 | OK | |||
r-devel-windows-x86_64 | 1.4.0 | 136.00 | 400.00 | 536.00 | NOTE | |
r-patched-linux-x86_64 | 1.4.0 | 150.84 | 142.24 | 293.08 | OK | |
r-release-linux-x86_64 | 1.4.0 | 143.78 | 141.23 | 285.01 | OK | |
r-release-macos-arm64 | 1.4.0 | 226.00 | NOTE | |||
r-release-macos-x86_64 | 1.4.0 | 307.00 | NOTE | |||
r-release-windows-x86_64 | 1.4.0 | 142.00 | 398.00 | 540.00 | OK | |
r-oldrel-macos-arm64 | 1.4.0 | 235.00 | NOTE | |||
r-oldrel-macos-x86_64 | 1.4.0 | 314.00 | NOTE | |||
r-oldrel-windows-x86_64 | 1.4.0 | 171.00 | 426.00 | 597.00 | OK |
Version: 1.4.0
Check: Rd cross-references
Result: NOTE
Found the following Rd file(s) with Rd \link{} targets missing package
anchors:
F_from_f.Rd: tang-norm-decomp
Please provide package anchors for all Rd \link{} targets not in the
package itself and the base packages.
Flavors: r-devel-linux-x86_64-debian-clang, r-devel-linux-x86_64-debian-gcc, r-devel-windows-x86_64
Version: 1.4.0
Check: installed package size
Result: NOTE
installed size is 17.3Mb
sub-directories of 1Mb or more:
libs 16.2Mb
Flavors: r-release-macos-arm64, r-release-macos-x86_64, r-oldrel-macos-arm64, r-oldrel-macos-x86_64