Last updated on 2024-07-27 05:49:50 CEST.
Flavor | Version | Tinstall | Tcheck | Ttotal | Status | Flags |
---|---|---|---|---|---|---|
r-devel-linux-x86_64-debian-clang | 0.2.3 | 52.61 | 103.37 | 155.98 | OK | |
r-devel-linux-x86_64-debian-gcc | 0.2.3 | OK | ||||
r-devel-linux-x86_64-fedora-clang | 0.2.3 | 247.97 | OK | |||
r-devel-linux-x86_64-fedora-gcc | 0.2.3 | 226.73 | OK | |||
r-devel-windows-x86_64 | 0.2.3 | 45.00 | 119.00 | 164.00 | OK | |
r-patched-linux-x86_64 | 0.2.3 | OK | ||||
r-release-linux-x86_64 | 0.2.3 | 50.21 | 96.73 | 146.94 | OK | |
r-release-macos-arm64 | 0.2.3 | 59.00 | NOTE | |||
r-release-macos-x86_64 | 0.2.3 | 95.00 | NOTE | |||
r-release-windows-x86_64 | 0.2.3 | 56.00 | 117.00 | 173.00 | OK | |
r-oldrel-macos-arm64 | 0.2.3 | 62.00 | NOTE | |||
r-oldrel-macos-x86_64 | 0.2.3 | 107.00 | NOTE | |||
r-oldrel-windows-x86_64 | 0.2.3 | 54.00 | 118.00 | 172.00 | OK |
Version: 0.2.3
Check: installed package size
Result: NOTE
installed size is 7.0Mb
sub-directories of 1Mb or more:
doc 3.1Mb
libs 3.5Mb
Flavors: r-release-macos-arm64, r-release-macos-x86_64, r-oldrel-macos-arm64, r-oldrel-macos-x86_64