Last updated on 2025-02-22 06:51:47 CET.
Flavor | Version | Tinstall | Tcheck | Ttotal | Status | Flags |
---|---|---|---|---|---|---|
r-devel-linux-x86_64-debian-clang | 1.1.0 | 63.96 | 34.21 | 98.17 | OK | |
r-devel-linux-x86_64-debian-gcc | 1.1.0 | 53.33 | 26.15 | 79.48 | OK | |
r-devel-linux-x86_64-fedora-clang | 1.1.0 | 150.68 | OK | |||
r-devel-linux-x86_64-fedora-gcc | 1.1.0 | 185.08 | OK | |||
r-devel-macos-arm64 | 1.1.0 | 67.00 | OK | |||
r-devel-macos-x86_64 | 1.1.0 | 123.00 | OK | |||
r-devel-windows-x86_64 | 1.1.0 | 65.00 | 88.00 | 153.00 | OK | |
r-patched-linux-x86_64 | 1.1.0 | 69.75 | 32.33 | 102.08 | OK | |
r-release-linux-x86_64 | 1.1.0 | 66.99 | 32.53 | 99.52 | OK | |
r-release-macos-arm64 | 1.1.0 | 64.00 | NOTE | |||
r-release-macos-x86_64 | 1.1.0 | 136.00 | NOTE | |||
r-release-windows-x86_64 | 1.1.0 | 65.00 | 84.00 | 149.00 | OK | |
r-oldrel-macos-arm64 | 1.1.0 | 63.00 | NOTE | |||
r-oldrel-macos-x86_64 | 1.1.0 | 127.00 | NOTE | |||
r-oldrel-windows-x86_64 | 1.1.0 | 81.00 | 96.00 | 177.00 | OK |
Version: 1.1.0
Check: installed package size
Result: NOTE
installed size is 7.8Mb
sub-directories of 1Mb or more:
libs 7.3Mb
Flavors: r-release-macos-arm64, r-release-macos-x86_64, r-oldrel-macos-arm64, r-oldrel-macos-x86_64