Last updated on 2025-02-22 06:51:46 CET.
Flavor | Version | Tinstall | Tcheck | Ttotal | Status | Flags |
---|---|---|---|---|---|---|
r-devel-linux-x86_64-debian-clang | 1.2.2 | 10.08 | 76.96 | 87.04 | OK | |
r-devel-linux-x86_64-debian-gcc | 1.2.2 | 6.80 | 54.74 | 61.54 | OK | |
r-devel-linux-x86_64-fedora-clang | 1.2.2 | 137.23 | NOTE | |||
r-devel-linux-x86_64-fedora-gcc | 1.2.2 | 146.39 | NOTE | |||
r-devel-macos-arm64 | 1.2.2 | 47.00 | OK | |||
r-devel-macos-x86_64 | 1.2.2 | 93.00 | OK | |||
r-devel-windows-x86_64 | 1.2.2 | 11.00 | 91.00 | 102.00 | OK | |
r-patched-linux-x86_64 | 1.2.2 | 9.53 | 72.20 | 81.73 | OK | |
r-release-linux-x86_64 | 1.2.2 | 8.87 | 71.16 | 80.03 | OK | |
r-release-macos-arm64 | 1.2.2 | 44.00 | OK | |||
r-release-macos-x86_64 | 1.2.2 | 68.00 | OK | |||
r-release-windows-x86_64 | 1.2.2 | 10.00 | 89.00 | 99.00 | OK | |
r-oldrel-macos-arm64 | 1.2.2 | 48.00 | OK | |||
r-oldrel-macos-x86_64 | 1.2.2 | 105.00 | OK | |||
r-oldrel-windows-x86_64 | 1.2.2 | 14.00 | 107.00 | 121.00 | OK |
Version: 1.2.2
Check: dependencies in R code
Result: NOTE
Namespace in Imports field not imported from: ‘quadprog’
All declared Imports should be used.
Flavors: r-devel-linux-x86_64-fedora-clang, r-devel-linux-x86_64-fedora-gcc