Last updated on 2025-02-22 06:51:46 CET.
Flavor | Version | Tinstall | Tcheck | Ttotal | Status | Flags |
---|---|---|---|---|---|---|
r-devel-linux-x86_64-debian-clang | 4.4.7 | 71.34 | 111.98 | 183.32 | OK | |
r-devel-linux-x86_64-debian-gcc | 4.4.7 | 61.24 | 82.18 | 143.42 | OK | |
r-devel-linux-x86_64-fedora-clang | 4.4.7 | 315.30 | OK | |||
r-devel-linux-x86_64-fedora-gcc | 4.4.7 | 352.22 | OK | |||
r-devel-macos-arm64 | 4.4.7 | 97.00 | OK | |||
r-devel-macos-x86_64 | 4.4.7 | 149.00 | OK | |||
r-devel-windows-x86_64 | 4.4.7 | 75.00 | 186.00 | 261.00 | OK | |
r-patched-linux-x86_64 | 4.4.7 | 87.15 | 107.64 | 194.79 | OK | |
r-release-linux-x86_64 | 4.4.7 | 86.03 | 107.39 | 193.42 | OK | |
r-release-macos-arm64 | 4.4.7 | 118.00 | NOTE | |||
r-release-macos-x86_64 | 4.4.7 | 199.00 | NOTE | |||
r-release-windows-x86_64 | 4.4.7 | 73.00 | 186.00 | 259.00 | OK | |
r-oldrel-macos-arm64 | 4.4.7 | 114.00 | NOTE | |||
r-oldrel-macos-x86_64 | 4.4.7 | 191.00 | NOTE | |||
r-oldrel-windows-x86_64 | 4.4.7 | 76.00 | 213.00 | 289.00 | OK |
Version: 4.4.7
Check: installed package size
Result: NOTE
installed size is 14.9Mb
sub-directories of 1Mb or more:
doc 1.5Mb
libs 12.8Mb
Flavors: r-release-macos-arm64, r-release-macos-x86_64, r-oldrel-macos-arm64, r-oldrel-macos-x86_64