Last updated on 2025-02-22 06:51:46 CET.
Flavor | Version | Tinstall | Tcheck | Ttotal | Status | Flags |
---|---|---|---|---|---|---|
r-devel-linux-x86_64-debian-clang | 0.2.4 | 2.92 | 87.80 | 90.72 | OK | |
r-devel-linux-x86_64-debian-gcc | 0.2.4 | 1.88 | 58.11 | 59.99 | OK | |
r-devel-linux-x86_64-fedora-clang | 0.2.4 | 147.02 | NOTE | |||
r-devel-linux-x86_64-fedora-gcc | 0.2.4 | 152.10 | NOTE | |||
r-devel-macos-arm64 | 0.2.4 | 55.00 | OK | |||
r-devel-macos-x86_64 | 0.2.4 | 102.00 | OK | |||
r-devel-windows-x86_64 | 0.2.4 | 5.00 | 99.00 | 104.00 | OK | |
r-patched-linux-x86_64 | 0.2.4 | 3.09 | 82.05 | 85.14 | OK | |
r-release-linux-x86_64 | 0.2.4 | 2.82 | 81.34 | 84.16 | OK | |
r-release-macos-arm64 | 0.2.4 | 49.00 | OK | |||
r-release-macos-x86_64 | 0.2.4 | 72.00 | OK | |||
r-release-windows-x86_64 | 0.2.4 | 5.00 | 102.00 | 107.00 | OK | |
r-oldrel-macos-arm64 | 0.2.4 | 51.00 | OK | |||
r-oldrel-macos-x86_64 | 0.2.4 | 77.00 | OK | |||
r-oldrel-windows-x86_64 | 0.2.4 | 6.00 | 117.00 | 123.00 | OK |
Version: 0.2.4
Check: dependencies in R code
Result: NOTE
Namespace in Imports field not imported from: ‘dplyr’
All declared Imports should be used.
Flavors: r-devel-linux-x86_64-fedora-clang, r-devel-linux-x86_64-fedora-gcc