Last updated on 2025-02-22 06:51:46 CET.
Flavor | Version | Tinstall | Tcheck | Ttotal | Status | Flags |
---|---|---|---|---|---|---|
r-devel-linux-x86_64-debian-clang | 1.0.1 | 14.45 | 90.19 | 104.64 | OK | |
r-devel-linux-x86_64-debian-gcc | 1.0.1 | 10.64 | 64.75 | 75.39 | OK | |
r-devel-linux-x86_64-fedora-clang | 1.0.1 | 171.43 | OK | |||
r-devel-linux-x86_64-fedora-gcc | 1.0.1 | 171.42 | OK | |||
r-devel-macos-arm64 | 1.0.1 | 46.00 | OK | |||
r-devel-macos-x86_64 | 1.0.1 | 81.00 | OK | |||
r-devel-windows-x86_64 | 1.0.1 | 15.00 | 89.00 | 104.00 | OK | |
r-patched-linux-x86_64 | 1.0.1 | 12.75 | 84.36 | 97.11 | NOTE | |
r-release-linux-x86_64 | 1.0.1 | 13.08 | 83.19 | 96.27 | NOTE | |
r-release-macos-arm64 | 1.0.1 | 43.00 | NOTE | |||
r-release-macos-x86_64 | 1.0.1 | 68.00 | NOTE | |||
r-release-windows-x86_64 | 1.0.1 | 15.00 | 90.00 | 105.00 | NOTE | |
r-oldrel-macos-arm64 | 1.0.1 | 44.00 | NOTE | |||
r-oldrel-macos-x86_64 | 1.0.1 | 86.00 | NOTE | |||
r-oldrel-windows-x86_64 | 1.0.1 | 19.00 | 114.00 | 133.00 | NOTE |
Version: 1.0.1
Check: LazyData
Result: NOTE
'LazyData' is specified without a 'data' directory
Flavors: r-patched-linux-x86_64, r-release-linux-x86_64, r-release-macos-arm64, r-release-macos-x86_64, r-release-windows-x86_64, r-oldrel-macos-arm64, r-oldrel-macos-x86_64, r-oldrel-windows-x86_64