Last updated on 2025-02-22 06:51:45 CET.
Flavor | Version | Tinstall | Tcheck | Ttotal | Status | Flags |
---|---|---|---|---|---|---|
r-devel-linux-x86_64-debian-clang | 0.2.8 | 45.12 | 681.10 | 726.22 | NOTE | |
r-devel-linux-x86_64-debian-gcc | 0.2.8 | 35.93 | 744.81 | 780.74 | NOTE | |
r-devel-linux-x86_64-fedora-clang | 0.2.8 | 1150.74 | NOTE | |||
r-devel-linux-x86_64-fedora-gcc | 0.2.8 | 1967.83 | NOTE | |||
r-devel-macos-arm64 | 0.2.8 | 457.00 | NOTE | |||
r-devel-macos-x86_64 | 0.2.8 | 677.00 | NOTE | |||
r-devel-windows-x86_64 | 0.2.8 | 62.00 | 531.00 | 593.00 | NOTE | |
r-patched-linux-x86_64 | 0.2.8 | 48.35 | 1175.97 | 1224.32 | NOTE | |
r-release-linux-x86_64 | 0.2.8 | 51.21 | 1139.07 | 1190.28 | NOTE | |
r-release-macos-arm64 | 0.2.8 | 275.00 | NOTE | |||
r-release-macos-x86_64 | 0.2.8 | 363.00 | NOTE | |||
r-release-windows-x86_64 | 0.2.8 | 59.00 | 517.00 | 576.00 | NOTE | |
r-oldrel-macos-arm64 | 0.2.8 | 556.00 | NOTE | |||
r-oldrel-macos-x86_64 | 0.2.8 | 840.00 | NOTE | |||
r-oldrel-windows-x86_64 | 0.2.8 | 72.00 | 748.00 | 820.00 | NOTE |
Version: 0.2.8
Check: compiled code
Result: NOTE
File ‘seqtrie/libs/seqtrie.so’:
Found non-API call to R: ‘STRING_PTR’
Compiled code should not call non-API entry points in R.
See ‘Writing portable packages’ in the ‘Writing R Extensions’ manual,
and section ‘Moving into C API compliance’ for issues with the use of
non-API entry points.
Flavors: r-devel-linux-x86_64-debian-clang, r-devel-linux-x86_64-debian-gcc, r-devel-linux-x86_64-fedora-clang, r-devel-linux-x86_64-fedora-gcc, r-devel-macos-arm64, r-devel-macos-x86_64
Version: 0.2.8
Check: compiled code
Result: NOTE
File 'seqtrie/libs/x64/seqtrie.dll':
Found non-API call to R: 'STRING_PTR'
Compiled code should not call non-API entry points in R.
See 'Writing portable packages' in the 'Writing R Extensions' manual,
and section 'Moving into C API compliance' for issues with the use of
non-API entry points.
Flavor: r-devel-windows-x86_64
Version: 0.2.8
Check: for GNU extensions in Makefiles
Result: NOTE
GNU make is a SystemRequirements.
Flavors: r-patched-linux-x86_64, r-release-linux-x86_64, r-release-macos-arm64, r-release-macos-x86_64, r-release-windows-x86_64, r-oldrel-macos-arm64, r-oldrel-macos-x86_64, r-oldrel-windows-x86_64
Version: 0.2.8
Check: installed package size
Result: NOTE
installed size is 5.9Mb
sub-directories of 1Mb or more:
data 1.1Mb
libs 4.3Mb
Flavors: r-release-macos-arm64, r-release-macos-x86_64, r-oldrel-macos-arm64, r-oldrel-macos-x86_64
Version: 0.2.8
Check: package dependencies
Result: NOTE
Package suggested but not available for checking: ‘pwalign’
Flavors: r-release-macos-x86_64, r-oldrel-macos-arm64, r-oldrel-macos-x86_64, r-oldrel-windows-x86_64