CRAN Package Check Results for Package scquantum

Last updated on 2025-02-22 06:51:45 CET.

Flavor Version Tinstall Tcheck Ttotal Status Flags
r-devel-linux-x86_64-debian-clang 1.0.0 2.60 18.64 21.24 OK
r-devel-linux-x86_64-debian-gcc 1.0.0 2.02 15.03 17.05 OK
r-devel-linux-x86_64-fedora-clang 1.0.0 33.58 NOTE
r-devel-linux-x86_64-fedora-gcc 1.0.0 31.97 NOTE
r-devel-macos-arm64 1.0.0 16.00 OK
r-devel-macos-x86_64 1.0.0 30.00 OK
r-devel-windows-x86_64 1.0.0 6.00 42.00 48.00 OK
r-patched-linux-x86_64 1.0.0 2.20 17.65 19.85 OK
r-release-linux-x86_64 1.0.0 2.31 17.42 19.73 OK
r-release-macos-arm64 1.0.0 15.00 OK
r-release-macos-x86_64 1.0.0 23.00 OK
r-release-windows-x86_64 1.0.0 6.00 42.00 48.00 OK
r-oldrel-macos-arm64 1.0.0 17.00 OK
r-oldrel-macos-x86_64 1.0.0 24.00 OK
r-oldrel-windows-x86_64 1.0.0 7.00 44.00 51.00 OK

Check Details

Version: 1.0.0
Check: compiled code
Result: NOTE File ‘scquantum/libs/scquantum.so’: Found no calls to: ‘R_registerRoutines’, ‘R_useDynamicSymbols’ It is good practice to register native routines and to disable symbol search. See ‘Writing portable packages’ in the ‘Writing R Extensions’ manual. Flavors: r-devel-linux-x86_64-fedora-clang, r-devel-linux-x86_64-fedora-gcc