Last updated on 2025-02-22 06:51:45 CET.
Flavor | Version | Tinstall | Tcheck | Ttotal | Status | Flags |
---|---|---|---|---|---|---|
r-devel-linux-x86_64-debian-clang | 1.0-1 | 8.76 | 81.26 | 90.02 | OK | |
r-devel-linux-x86_64-debian-gcc | 1.0-1 | 5.30 | 54.23 | 59.53 | OK | |
r-devel-linux-x86_64-fedora-clang | 1.0-1 | 144.90 | NOTE | |||
r-devel-linux-x86_64-fedora-gcc | 1.0-1 | 153.38 | NOTE | |||
r-devel-macos-arm64 | 1.0-1 | 39.00 | OK | |||
r-devel-macos-x86_64 | 1.0-1 | 100.00 | OK | |||
r-devel-windows-x86_64 | 1.0-1 | 7.00 | 101.00 | 108.00 | OK | |
r-patched-linux-x86_64 | 1.0-1 | 8.60 | 78.51 | 87.11 | OK | |
r-release-linux-x86_64 | 1.0-1 | 7.35 | 76.89 | 84.24 | OK | |
r-release-macos-arm64 | 1.0-1 | 39.00 | OK | |||
r-release-macos-x86_64 | 1.0-1 | 70.00 | OK | |||
r-release-windows-x86_64 | 1.0-1 | 7.00 | 102.00 | 109.00 | OK | |
r-oldrel-macos-arm64 | 1.0-1 | 53.00 | OK | |||
r-oldrel-macos-x86_64 | 1.0-1 | 93.00 | OK | |||
r-oldrel-windows-x86_64 | 1.0-1 | 7.00 | 112.00 | 119.00 | OK |
Version: 1.0-1
Check: dependencies in R code
Result: NOTE
Namespace in Imports field not imported from: ‘pvclust’
All declared Imports should be used.
Flavors: r-devel-linux-x86_64-fedora-clang, r-devel-linux-x86_64-fedora-gcc