Last updated on 2025-02-22 06:51:45 CET.
Flavor | Version | Tinstall | Tcheck | Ttotal | Status | Flags |
---|---|---|---|---|---|---|
r-devel-linux-x86_64-debian-clang | 0.5.0 | 66.05 | 139.75 | 205.80 | NOTE | |
r-devel-linux-x86_64-debian-gcc | 0.5.0 | 49.66 | 94.37 | 144.03 | NOTE | |
r-devel-linux-x86_64-fedora-clang | 0.5.0 | 351.27 | NOTE | |||
r-devel-linux-x86_64-fedora-gcc | 0.5.0 | 352.86 | NOTE | |||
r-devel-macos-arm64 | 0.5.0 | 107.00 | NOTE | |||
r-devel-macos-x86_64 | 0.5.0 | 205.00 | NOTE | |||
r-devel-windows-x86_64 | 0.5.0 | 76.00 | 157.00 | 233.00 | NOTE | |
r-patched-linux-x86_64 | 0.5.0 | 67.05 | 128.43 | 195.48 | NOTE | |
r-release-linux-x86_64 | 0.5.0 | 70.94 | 131.29 | 202.23 | NOTE | |
r-release-macos-arm64 | 0.5.0 | 106.00 | NOTE | |||
r-release-macos-x86_64 | 0.5.0 | 154.00 | NOTE | |||
r-release-windows-x86_64 | 0.5.0 | 77.00 | 157.00 | 234.00 | NOTE | |
r-oldrel-macos-arm64 | 0.5.0 | 145.00 | NOTE | |||
r-oldrel-macos-x86_64 | 0.5.0 | 245.00 | NOTE | |||
r-oldrel-windows-x86_64 | 0.5.0 | 91.00 | 211.00 | 302.00 | NOTE |
Version: 0.5.0
Check: C++ specification
Result: NOTE
Specified C++11: please drop specification unless essential
Flavors: r-devel-linux-x86_64-debian-clang, r-devel-linux-x86_64-debian-gcc, r-devel-linux-x86_64-fedora-clang, r-devel-linux-x86_64-fedora-gcc, r-devel-macos-arm64, r-devel-macos-x86_64, r-devel-windows-x86_64, r-patched-linux-x86_64, r-release-linux-x86_64, r-release-macos-arm64, r-release-macos-x86_64, r-release-windows-x86_64, r-oldrel-macos-arm64, r-oldrel-macos-x86_64, r-oldrel-windows-x86_64
Version: 0.5.0
Check: installed package size
Result: NOTE
installed size is 8.7Mb
sub-directories of 1Mb or more:
data 4.9Mb
libs 3.5Mb
Flavors: r-release-macos-arm64, r-release-macos-x86_64, r-release-windows-x86_64, r-oldrel-macos-arm64, r-oldrel-macos-x86_64, r-oldrel-windows-x86_64