Last updated on 2025-02-22 06:51:45 CET.
Flavor | Version | Tinstall | Tcheck | Ttotal | Status | Flags |
---|---|---|---|---|---|---|
r-devel-linux-x86_64-debian-clang | 1.1.0 | 2.51 | 31.55 | 34.06 | NOTE | |
r-devel-linux-x86_64-debian-gcc | 1.1.0 | 1.84 | 24.36 | 26.20 | NOTE | |
r-devel-linux-x86_64-fedora-clang | 1.1.0 | 54.89 | NOTE | |||
r-devel-linux-x86_64-fedora-gcc | 1.1.0 | 68.97 | NOTE | |||
r-devel-macos-arm64 | 1.1.0 | 30.00 | NOTE | |||
r-devel-macos-x86_64 | 1.1.0 | 55.00 | NOTE | |||
r-devel-windows-x86_64 | 1.1.0 | 5.00 | 58.00 | 63.00 | NOTE | |
r-patched-linux-x86_64 | 1.1.0 | 3.04 | 29.97 | 33.01 | NOTE | |
r-release-linux-x86_64 | 1.1.0 | 2.14 | 30.28 | 32.42 | NOTE | |
r-release-macos-arm64 | 1.1.0 | 28.00 | NOTE | |||
r-release-macos-x86_64 | 1.1.0 | 40.00 | NOTE | |||
r-release-windows-x86_64 | 1.1.0 | 4.00 | 58.00 | 62.00 | NOTE | |
r-oldrel-macos-arm64 | 1.1.0 | 29.00 | OK | |||
r-oldrel-macos-x86_64 | 1.1.0 | 39.00 | OK | |||
r-oldrel-windows-x86_64 | 1.1.0 | 5.00 | 64.00 | 69.00 | OK |
Version: 1.1.0
Check: Rd files
Result: NOTE
checkRd: (-1) rt_GET.Rd:13: Lost braces
13 | code{\link[httr]{GET}} (\code{TRUE}) or not (\code{FALSE})}
| ^
checkRd: (-1) rt_POST.Rd:13: Lost braces
13 | code{\link[httr]{POST}} (\code{TRUE}) or not (\code{FALSE})}
| ^
Flavors: r-devel-linux-x86_64-debian-clang, r-devel-linux-x86_64-debian-gcc, r-devel-linux-x86_64-fedora-clang, r-devel-linux-x86_64-fedora-gcc, r-devel-macos-arm64, r-devel-macos-x86_64, r-devel-windows-x86_64, r-patched-linux-x86_64, r-release-linux-x86_64, r-release-macos-arm64, r-release-macos-x86_64, r-release-windows-x86_64