CRAN Package Check Results for Package rslp

Last updated on 2025-02-22 06:51:44 CET.

Flavor Version Tinstall Tcheck Ttotal Status Flags
r-devel-linux-x86_64-debian-clang 0.2.0 1.82 24.59 26.41 OK
r-devel-linux-x86_64-debian-gcc 0.2.0 1.56 19.09 20.65 OK
r-devel-linux-x86_64-fedora-clang 0.2.0 41.80 OK
r-devel-linux-x86_64-fedora-gcc 0.2.0 40.51 OK
r-devel-macos-arm64 0.2.0 18.00 OK
r-devel-macos-x86_64 0.2.0 30.00 OK
r-devel-windows-x86_64 0.2.0 4.00 48.00 52.00 OK
r-patched-linux-x86_64 0.2.0 1.75 24.02 25.77 NOTE
r-release-linux-x86_64 0.2.0 1.78 23.39 25.17 NOTE
r-release-macos-arm64 0.2.0 18.00 NOTE
r-release-macos-x86_64 0.2.0 24.00 NOTE
r-release-windows-x86_64 0.2.0 4.00 46.00 50.00 NOTE
r-oldrel-macos-arm64 0.2.0 19.00 NOTE
r-oldrel-macos-x86_64 0.2.0 23.00 NOTE
r-oldrel-windows-x86_64 0.2.0 3.00 50.00 53.00 NOTE

Check Details

Version: 0.2.0
Check: LazyData
Result: NOTE 'LazyData' is specified without a 'data' directory Flavors: r-patched-linux-x86_64, r-release-linux-x86_64, r-release-macos-arm64, r-release-macos-x86_64, r-release-windows-x86_64, r-oldrel-macos-arm64, r-oldrel-macos-x86_64, r-oldrel-windows-x86_64