Last updated on 2025-02-22 06:51:44 CET.
Flavor | Version | Tinstall | Tcheck | Ttotal | Status | Flags |
---|---|---|---|---|---|---|
r-devel-linux-x86_64-debian-clang | 0.1 | 82.64 | 78.00 | 160.64 | OK | |
r-devel-linux-x86_64-debian-gcc | 0.1 | 69.67 | 56.41 | 126.08 | OK | |
r-devel-linux-x86_64-fedora-clang | 0.1 | 238.18 | OK | |||
r-devel-linux-x86_64-fedora-gcc | 0.1 | 283.90 | OK | |||
r-devel-macos-arm64 | 0.1 | 67.00 | OK | |||
r-devel-macos-x86_64 | 0.1 | 161.00 | OK | |||
r-devel-windows-x86_64 | 0.1 | 80.00 | 118.00 | 198.00 | OK | |
r-patched-linux-x86_64 | 0.1 | 91.04 | 74.19 | 165.23 | OK | |
r-release-linux-x86_64 | 0.1 | 89.98 | 73.46 | 163.44 | OK | |
r-release-macos-arm64 | 0.1 | 72.00 | NOTE | |||
r-release-macos-x86_64 | 0.1 | 206.00 | NOTE | |||
r-release-windows-x86_64 | 0.1 | 82.00 | 102.00 | 184.00 | OK | |
r-oldrel-macos-arm64 | 0.1 | 74.00 | NOTE | |||
r-oldrel-macos-x86_64 | 0.1 | 166.00 | NOTE | |||
r-oldrel-windows-x86_64 | 0.1 | 96.00 | 131.00 | 227.00 | OK |
Version: 0.1
Check: installed package size
Result: NOTE
installed size is 23.8Mb
sub-directories of 1Mb or more:
libs 23.6Mb
Flavors: r-release-macos-arm64, r-release-macos-x86_64, r-oldrel-macos-arm64, r-oldrel-macos-x86_64