Last updated on 2025-02-22 06:51:44 CET.
Flavor | Version | Tinstall | Tcheck | Ttotal | Status | Flags |
---|---|---|---|---|---|---|
r-devel-linux-x86_64-debian-clang | 1.2 | 127.01 | 24.45 | 151.46 | OK | |
r-devel-linux-x86_64-debian-gcc | 1.2 | 84.33 | 19.16 | 103.49 | OK | |
r-devel-linux-x86_64-fedora-clang | 1.2 | 309.12 | OK | |||
r-devel-linux-x86_64-fedora-gcc | 1.2 | 283.59 | OK | |||
r-devel-macos-arm64 | 1.2 | 55.00 | OK | |||
r-devel-macos-x86_64 | 1.2 | 60.00 | OK | |||
r-devel-windows-x86_64 | 1.2 | 131.00 | 71.00 | 202.00 | OK | |
r-patched-linux-x86_64 | 1.2 | 122.80 | 22.82 | 145.62 | OK | |
r-release-linux-x86_64 | 1.2 | 128.31 | 22.81 | 151.12 | OK | |
r-release-macos-arm64 | 1.2 | 59.00 | NOTE | |||
r-release-macos-x86_64 | 1.2 | 57.00 | NOTE | |||
r-release-windows-x86_64 | 1.2 | 130.00 | 68.00 | 198.00 | OK | |
r-oldrel-macos-arm64 | 1.2 | 68.00 | NOTE | |||
r-oldrel-macos-x86_64 | 1.2 | 87.00 | NOTE | |||
r-oldrel-windows-x86_64 | 1.2 | 156.00 | 76.00 | 232.00 | OK |
Version: 1.2
Check: installed package size
Result: NOTE
installed size is 6.9Mb
sub-directories of 1Mb or more:
libs 6.8Mb
Flavors: r-release-macos-arm64, r-release-macos-x86_64, r-oldrel-macos-arm64, r-oldrel-macos-x86_64