Last updated on 2024-07-27 05:49:48 CEST.
Flavor | Version | Tinstall | Tcheck | Ttotal | Status | Flags |
---|---|---|---|---|---|---|
r-devel-linux-x86_64-debian-clang | 0.4.0 | 24.25 | 245.89 | 270.14 | OK | |
r-devel-linux-x86_64-debian-gcc | 0.4.0 | OK | ||||
r-devel-linux-x86_64-fedora-clang | 0.4.0 | 341.26 | NOTE | |||
r-devel-linux-x86_64-fedora-gcc | 0.4.0 | 329.52 | OK | |||
r-devel-windows-x86_64 | 0.4.0 | 23.00 | 211.00 | 234.00 | OK | |
r-patched-linux-x86_64 | 0.4.0 | OK | ||||
r-release-linux-x86_64 | 0.4.0 | 22.28 | 239.25 | 261.53 | OK | |
r-release-macos-arm64 | 0.4.0 | 90.00 | OK | |||
r-release-macos-x86_64 | 0.4.0 | 140.00 | OK | |||
r-release-windows-x86_64 | 0.4.0 | 23.00 | 205.00 | 228.00 | OK | |
r-oldrel-macos-arm64 | 0.4.0 | 91.00 | OK | |||
r-oldrel-macos-x86_64 | 0.4.0 | 145.00 | OK | |||
r-oldrel-windows-x86_64 | 0.4.0 | 30.00 | 247.00 | 277.00 | OK |
Version: 0.4.0
Check: Rd cross-references
Result: NOTE
Undeclared packages ‘netmeta’, ‘metafor’ in Rd xrefs
Flavor: r-devel-linux-x86_64-fedora-clang