Last updated on 2025-02-21 06:49:53 CET.
Flavor | Version | Tinstall | Tcheck | Ttotal | Status | Flags |
---|---|---|---|---|---|---|
r-devel-linux-x86_64-debian-clang | 1.1.5 | 19.56 | 250.26 | 269.82 | NOTE | |
r-devel-linux-x86_64-debian-gcc | 1.1.5 | 15.28 | 161.22 | 176.50 | NOTE | |
r-devel-linux-x86_64-fedora-clang | 1.1.5 | 421.19 | NOTE | |||
r-devel-linux-x86_64-fedora-gcc | 1.1.5 | 405.65 | NOTE | |||
r-devel-macos-arm64 | 1.1.5 | 125.00 | NOTE | |||
r-devel-macos-x86_64 | 1.1.5 | 316.00 | NOTE | |||
r-devel-windows-x86_64 | 1.1.5 | 35.00 | 267.00 | 302.00 | NOTE | |
r-patched-linux-x86_64 | 1.1.5 | 21.96 | 231.89 | 253.85 | OK | |
r-release-linux-x86_64 | 1.1.5 | 18.60 | 232.59 | 251.19 | OK | |
r-release-macos-arm64 | 1.1.5 | 111.00 | OK | |||
r-release-macos-x86_64 | 1.1.5 | 287.00 | OK | |||
r-release-windows-x86_64 | 1.1.5 | 28.00 | 260.00 | 288.00 | OK | |
r-oldrel-macos-arm64 | 1.1.4 | 119.00 | OK | |||
r-oldrel-macos-x86_64 | 1.1.5 | 292.00 | OK | |||
r-oldrel-windows-x86_64 | 1.1.5 | 31.00 | 323.00 | 354.00 | OK |
Version: 1.1.5
Check: compiled code
Result: NOTE
File ‘rlang/libs/rlang.so’:
Found non-API calls to R: ‘ENVFLAGS’, ‘FRAME’, ‘HASHTAB’, ‘LEVELS’,
‘NAMED’, ‘PRENV’, ‘PRVALUE’, ‘RDEBUG’, ‘R_PromiseExpr’,
‘Rf_findVarInFrame3’, ‘SETLENGTH’, ‘SET_BODY’, ‘SET_CLOENV’,
‘SET_ENCLOS’, ‘SET_ENVFLAGS’, ‘SET_FORMALS’, ‘SET_GROWABLE_BIT’,
‘SET_RDEBUG’, ‘SET_TRUELENGTH’, ‘SET_TYPEOF’, ‘STRING_PTR’,
‘XTRUELENGTH’
Compiled code should not call non-API entry points in R.
See ‘Writing portable packages’ in the ‘Writing R Extensions’ manual,
and section ‘Moving into C API compliance’ for issues with the use of
non-API entry points.
Flavors: r-devel-linux-x86_64-debian-clang, r-devel-linux-x86_64-debian-gcc, r-devel-linux-x86_64-fedora-clang, r-devel-linux-x86_64-fedora-gcc, r-devel-macos-arm64, r-devel-macos-x86_64
Version: 1.1.5
Check: compiled code
Result: NOTE
File 'rlang/libs/x64/rlang.dll':
Found non-API calls to R: 'ENVFLAGS', 'FRAME', 'HASHTAB', 'LEVELS',
'NAMED', 'PRENV', 'PRVALUE', 'RDEBUG', 'R_PromiseExpr',
'Rf_findVarInFrame3', 'SETLENGTH', 'SET_BODY', 'SET_CLOENV',
'SET_ENCLOS', 'SET_ENVFLAGS', 'SET_FORMALS', 'SET_GROWABLE_BIT',
'SET_RDEBUG', 'SET_TRUELENGTH', 'SET_TYPEOF', 'STRING_PTR',
'XTRUELENGTH'
Compiled code should not call non-API entry points in R.
See 'Writing portable packages' in the 'Writing R Extensions' manual,
and section 'Moving into C API compliance' for issues with the use of
non-API entry points.
Flavor: r-devel-windows-x86_64