CRAN Package Check Results for Package rhosp

Last updated on 2025-02-22 06:51:44 CET.

Flavor Version Tinstall Tcheck Ttotal Status Flags
r-devel-linux-x86_64-debian-clang 1.10 3.35 30.34 33.69 NOTE
r-devel-linux-x86_64-debian-gcc 1.10 2.25 23.05 25.30 NOTE
r-devel-linux-x86_64-fedora-clang 1.10 52.84 NOTE
r-devel-linux-x86_64-fedora-gcc 1.10 63.87 NOTE
r-devel-macos-arm64 1.10 28.00 OK
r-devel-macos-x86_64 1.10 45.00 OK
r-devel-windows-x86_64 1.10 5.00 63.00 68.00 OK
r-patched-linux-x86_64 1.10 3.35 29.12 32.47 NOTE
r-release-linux-x86_64 1.10 3.08 29.11 32.19 NOTE
r-release-macos-arm64 1.10 23.00 OK
r-release-macos-x86_64 1.10 37.00 OK
r-release-windows-x86_64 1.10 4.00 61.00 65.00 OK
r-oldrel-macos-arm64 1.10 22.00 OK
r-oldrel-macos-x86_64 1.10 33.00 OK
r-oldrel-windows-x86_64 1.10 4.00 60.00 64.00 OK

Check Details

Version: 1.10
Check: for non-standard things in the check directory
Result: NOTE Found the following files/directories: ‘mydata.rda’ ‘thedata.rda’ Flavors: r-devel-linux-x86_64-debian-clang, r-devel-linux-x86_64-debian-gcc, r-devel-linux-x86_64-fedora-clang, r-devel-linux-x86_64-fedora-gcc, r-patched-linux-x86_64, r-release-linux-x86_64