CRAN Package Check Results for Package rbtt

Last updated on 2025-02-22 06:51:43 CET.

Flavor Version Tinstall Tcheck Ttotal Status Flags
r-devel-linux-x86_64-debian-clang 0.1.0 2.28 23.05 25.33 OK
r-devel-linux-x86_64-debian-gcc 0.1.0 1.65 17.61 19.26 OK
r-devel-linux-x86_64-fedora-clang 0.1.0 38.91 OK
r-devel-linux-x86_64-fedora-gcc 0.1.0 37.13 OK
r-devel-macos-arm64 0.1.0 17.00 OK
r-devel-macos-x86_64 0.1.0 35.00 OK
r-devel-windows-x86_64 0.1.0 3.00 55.00 58.00 OK
r-patched-linux-x86_64 0.1.0 2.17 21.34 23.51 NOTE
r-release-linux-x86_64 0.1.0 2.00 21.50 23.50 NOTE
r-release-macos-arm64 0.1.0 19.00 NOTE
r-release-macos-x86_64 0.1.0 26.00 NOTE
r-release-windows-x86_64 0.1.0 3.00 50.00 53.00 NOTE
r-oldrel-macos-arm64 0.1.0 18.00 NOTE
r-oldrel-macos-x86_64 0.1.0 25.00 NOTE
r-oldrel-windows-x86_64 0.1.0 3.00 49.00 52.00 NOTE

Check Details

Version: 0.1.0
Check: LazyData
Result: NOTE 'LazyData' is specified without a 'data' directory Flavors: r-patched-linux-x86_64, r-release-linux-x86_64, r-release-macos-arm64, r-release-macos-x86_64, r-release-windows-x86_64, r-oldrel-macos-arm64, r-oldrel-macos-x86_64, r-oldrel-windows-x86_64