Last updated on 2025-02-21 06:49:52 CET.
Flavor | Version | Tinstall | Tcheck | Ttotal | Status | Flags |
---|---|---|---|---|---|---|
r-devel-linux-x86_64-debian-clang | 0.37.3 | 75.61 | 118.71 | 194.32 | OK | |
r-devel-linux-x86_64-debian-gcc | 0.37.3 | 54.97 | 79.05 | 134.02 | OK | |
r-devel-linux-x86_64-fedora-clang | 0.37.3 | 347.10 | OK | |||
r-devel-linux-x86_64-fedora-gcc | 0.37.3 | 326.67 | OK | |||
r-devel-macos-arm64 | 0.37.3 | 78.00 | OK | |||
r-devel-macos-x86_64 | 0.37.3 | 136.00 | OK | |||
r-devel-windows-x86_64 | 0.37.3 | 85.00 | 160.00 | 245.00 | OK | |
r-patched-linux-x86_64 | 0.37.3 | 84.54 | 109.94 | 194.48 | OK | |
r-release-linux-x86_64 | 0.37.3 | 74.90 | 110.67 | 185.57 | OK | |
r-release-macos-arm64 | 0.37.3 | 80.00 | NOTE | |||
r-release-macos-x86_64 | 0.37.3 | 93.00 | NOTE | |||
r-release-windows-x86_64 | 0.37.3 | 87.00 | 156.00 | 243.00 | OK | |
r-oldrel-macos-arm64 | 0.37.3 | 84.00 | NOTE | |||
r-oldrel-macos-x86_64 | 0.37.3 | 162.00 | NOTE | |||
r-oldrel-windows-x86_64 | 0.37.3 | 104.00 | 183.00 | 287.00 | NOTE |
Version: 0.37.3
Check: installed package size
Result: NOTE
installed size is 7.2Mb
sub-directories of 1Mb or more:
data 2.9Mb
libs 3.3Mb
Flavors: r-release-macos-arm64, r-release-macos-x86_64, r-oldrel-macos-arm64, r-oldrel-macos-x86_64, r-oldrel-windows-x86_64
Version: 0.37.3
Check: package dependencies
Result: NOTE
Package suggested but not available for checking: ‘raybevel’
Flavors: r-oldrel-macos-arm64, r-oldrel-macos-x86_64