Last updated on 2025-02-22 06:51:43 CET.
Flavor | Version | Tinstall | Tcheck | Ttotal | Status | Flags |
---|---|---|---|---|---|---|
r-devel-linux-x86_64-debian-clang | 1.0.1 | 163.59 | 317.88 | 481.47 | OK | |
r-devel-linux-x86_64-debian-gcc | 1.0.1 | 107.17 | 203.05 | 310.22 | OK | |
r-devel-linux-x86_64-fedora-clang | 1.0.1 | 714.32 | OK | |||
r-devel-linux-x86_64-fedora-gcc | 1.0.1 | 709.36 | OK | |||
r-devel-macos-arm64 | 1.0.1 | 193.00 | OK | |||
r-devel-macos-x86_64 | 1.0.1 | 329.00 | OK | |||
r-devel-windows-x86_64 | 1.0.1 | 142.00 | 299.00 | 441.00 | OK | |
r-patched-linux-x86_64 | 1.0.1 | 150.01 | 295.90 | 445.91 | NOTE | |
r-release-linux-x86_64 | 1.0.1 | 137.67 | 299.76 | 437.43 | NOTE | |
r-release-macos-arm64 | 1.0.1 | 184.00 | NOTE | |||
r-release-macos-x86_64 | 1.0.1 | 250.00 | NOTE | |||
r-release-windows-x86_64 | 1.0.1 | 139.00 | 301.00 | 440.00 | NOTE | |
r-oldrel-macos-arm64 | 1.0.1 | 200.00 | NOTE | |||
r-oldrel-macos-x86_64 | 1.0.1 | 429.00 | NOTE | |||
r-oldrel-windows-x86_64 | 1.0.1 | 188.00 | 398.00 | 586.00 | NOTE |
Version: 1.0.1
Check: package dependencies
Result: NOTE
Package suggested but not available for checking: ‘gurobi’
Flavors: r-patched-linux-x86_64, r-release-linux-x86_64, r-release-macos-arm64, r-release-macos-x86_64, r-release-windows-x86_64, r-oldrel-macos-arm64, r-oldrel-macos-x86_64, r-oldrel-windows-x86_64
Version: 1.0.1
Check: installed package size
Result: NOTE
installed size is 16.3Mb
sub-directories of 1Mb or more:
doc 1.7Mb
extdata 4.1Mb
libs 9.6Mb
Flavors: r-release-macos-arm64, r-release-macos-x86_64, r-release-windows-x86_64, r-oldrel-macos-arm64, r-oldrel-macos-x86_64, r-oldrel-windows-x86_64