Last updated on 2025-02-22 06:51:43 CET.
Flavor | Version | Tinstall | Tcheck | Ttotal | Status | Flags |
---|---|---|---|---|---|---|
r-devel-linux-x86_64-debian-clang | 0.10.1 | 6.87 | 224.20 | 231.07 | OK | |
r-devel-linux-x86_64-debian-gcc | 0.10.1 | 5.42 | 145.17 | 150.59 | OK | |
r-devel-linux-x86_64-fedora-clang | 0.10.1 | 360.55 | OK | |||
r-devel-linux-x86_64-fedora-gcc | 0.10.1 | 353.02 | OK | |||
r-devel-macos-arm64 | 0.10.1 | 96.00 | OK | |||
r-devel-macos-x86_64 | 0.10.1 | 259.00 | OK | |||
r-devel-windows-x86_64 | 0.10.1 | 9.00 | 190.00 | 199.00 | OK | |
r-patched-linux-x86_64 | 0.10.1 | 7.59 | 204.76 | 212.35 | NOTE | |
r-release-linux-x86_64 | 0.10.1 | 6.56 | 203.39 | 209.95 | NOTE | |
r-release-macos-arm64 | 0.10.1 | 93.00 | NOTE | |||
r-release-macos-x86_64 | 0.10.1 | 171.00 | NOTE | |||
r-release-windows-x86_64 | 0.10.1 | 8.00 | 187.00 | 195.00 | NOTE | |
r-oldrel-macos-arm64 | 0.10.1 | 103.00 | NOTE | |||
r-oldrel-macos-x86_64 | 0.10.1 | 180.00 | NOTE | |||
r-oldrel-windows-x86_64 | 0.10.1 | 11.00 | 255.00 | 266.00 | NOTE |
Version: 0.10.1
Check: LazyData
Result: NOTE
'LazyData' is specified without a 'data' directory
Flavors: r-patched-linux-x86_64, r-release-linux-x86_64, r-release-macos-arm64, r-release-macos-x86_64, r-release-windows-x86_64, r-oldrel-macos-arm64, r-oldrel-macos-x86_64, r-oldrel-windows-x86_64