Last updated on 2025-02-22 06:51:41 CET.
Flavor | Version | Tinstall | Tcheck | Ttotal | Status | Flags |
---|---|---|---|---|---|---|
r-devel-linux-x86_64-debian-clang | 1.0.1 | 32.88 | 205.59 | 238.47 | NOTE | |
r-devel-linux-x86_64-debian-gcc | 1.0.1 | 18.59 | 136.63 | 155.22 | NOTE | |
r-devel-linux-x86_64-fedora-clang | 1.0.1 | 371.89 | OK | |||
r-devel-linux-x86_64-fedora-gcc | 1.0.1 | 368.82 | OK | |||
r-devel-macos-arm64 | 1.0.1 | 93.00 | OK | |||
r-devel-macos-x86_64 | 1.0.1 | 204.00 | OK | |||
r-devel-windows-x86_64 | 1.0.1 | 29.00 | 189.00 | 218.00 | NOTE | |
r-patched-linux-x86_64 | 1.0.1 | 34.04 | 186.49 | 220.53 | OK | |
r-release-linux-x86_64 | 1.0.1 | 28.82 | 189.18 | 218.00 | OK | |
r-release-macos-arm64 | 1.0.1 | 91.00 | OK | |||
r-release-macos-x86_64 | 1.0.1 | 149.00 | OK | |||
r-release-windows-x86_64 | 1.0.1 | 28.00 | 190.00 | 218.00 | OK | |
r-oldrel-macos-arm64 | 1.0.1 | 92.00 | OK | |||
r-oldrel-macos-x86_64 | 1.0.1 | 197.00 | OK | |||
r-oldrel-windows-x86_64 | 1.0.1 | 38.00 | 239.00 | 277.00 | OK |
Version: 1.0.1
Check: Rd cross-references
Result: NOTE
Found the following Rd file(s) with Rd \link{} targets missing package
anchors:
ebp.Rd: nlme
write.excel.Rd: openxlsx
Please provide package anchors for all Rd \link{} targets not in the
package itself and the base packages.
Flavors: r-devel-linux-x86_64-debian-clang, r-devel-linux-x86_64-debian-gcc, r-devel-windows-x86_64