Last updated on 2024-07-27 05:49:45 CEST.
Flavor | Version | Tinstall | Tcheck | Ttotal | Status | Flags |
---|---|---|---|---|---|---|
r-devel-linux-x86_64-debian-clang | 0.50 | 6.89 | 71.07 | 77.96 | OK | |
r-devel-linux-x86_64-debian-gcc | 0.50 | OK | ||||
r-devel-linux-x86_64-fedora-clang | 0.50 | 96.27 | NOTE | |||
r-devel-linux-x86_64-fedora-gcc | 0.50 | 91.79 | NOTE | |||
r-devel-windows-x86_64 | 0.50 | 8.00 | 73.00 | 81.00 | OK | |
r-patched-linux-x86_64 | 0.50 | OK | ||||
r-release-linux-x86_64 | 0.50 | 6.05 | 67.31 | 73.36 | OK | |
r-release-macos-arm64 | 0.50 | 29.00 | OK | |||
r-release-macos-x86_64 | 0.50 | 47.00 | OK | |||
r-release-windows-x86_64 | 0.50 | 7.00 | 74.00 | 81.00 | OK | |
r-oldrel-macos-arm64 | 0.50 | 34.00 | OK | |||
r-oldrel-macos-x86_64 | 0.50 | 51.00 | OK | |||
r-oldrel-windows-x86_64 | 0.50 | 10.00 | 86.00 | 96.00 | OK |
Version: 0.50
Check: dependencies in R code
Result: NOTE
Namespace in Imports field not imported from: ‘FrF2.catlg128’
All declared Imports should be used.
Flavors: r-devel-linux-x86_64-fedora-clang, r-devel-linux-x86_64-fedora-gcc
Version: 0.50
Check: Rd cross-references
Result: NOTE
Undeclared package ‘BsMD’ in Rd xrefs
Flavor: r-devel-linux-x86_64-fedora-clang