Last updated on 2025-02-22 06:51:41 CET.
Flavor | Version | Tinstall | Tcheck | Ttotal | Status | Flags |
---|---|---|---|---|---|---|
r-devel-linux-x86_64-debian-clang | 1.0.2 | 9.09 | 61.07 | 70.16 | OK | |
r-devel-linux-x86_64-debian-gcc | 1.0.2 | 5.95 | 45.08 | 51.03 | OK | |
r-devel-linux-x86_64-fedora-clang | 1.0.2 | 109.55 | OK | |||
r-devel-linux-x86_64-fedora-gcc | 1.0.2 | 107.70 | OK | |||
r-devel-macos-arm64 | 1.0.2 | 33.00 | OK | |||
r-devel-macos-x86_64 | 1.0.2 | 66.00 | OK | |||
r-devel-windows-x86_64 | 1.0.2 | 9.00 | 79.00 | 88.00 | OK | |
r-patched-linux-x86_64 | 1.0.2 | 8.44 | 56.74 | 65.18 | OK | |
r-release-linux-x86_64 | 1.0.2 | 7.32 | 56.33 | 63.65 | OK | |
r-release-macos-arm64 | 1.0.2 | 30.00 | OK | |||
r-release-macos-x86_64 | 1.0.2 | 49.00 | OK | |||
r-release-windows-x86_64 | 1.0.2 | 10.00 | 81.00 | 91.00 | OK | |
r-oldrel-macos-arm64 | 1.0.2 | 32.00 | OK | |||
r-oldrel-macos-x86_64 | 1.0.2 | 57.00 | NOTE | |||
r-oldrel-windows-x86_64 | 1.0.2 | 12.00 | 89.00 | 101.00 | OK |
Version: 1.0.2
Check: Rd cross-references
Result: NOTE
Package unavailable to check Rd xrefs: ‘phase1RMD’
Flavor: r-oldrel-macos-x86_64