Last updated on 2025-02-22 06:51:41 CET.
Flavor | Version | Tinstall | Tcheck | Ttotal | Status | Flags |
---|---|---|---|---|---|---|
r-devel-linux-x86_64-debian-clang | 2.1 | 10.49 | 82.04 | 92.53 | NOTE | |
r-devel-linux-x86_64-debian-gcc | 2.1 | 7.55 | 59.82 | 67.37 | NOTE | |
r-devel-linux-x86_64-fedora-clang | 2.1 | 142.36 | OK | |||
r-devel-linux-x86_64-fedora-gcc | 2.1 | 139.09 | OK | |||
r-devel-macos-arm64 | 2.1 | 39.00 | OK | |||
r-devel-macos-x86_64 | 2.1 | 76.00 | OK | |||
r-devel-windows-x86_64 | 2.1 | 11.00 | 86.00 | 97.00 | NOTE | |
r-patched-linux-x86_64 | 2.1 | 10.16 | 74.07 | 84.23 | OK | |
r-release-linux-x86_64 | 2.1 | 10.59 | 75.13 | 85.72 | OK | |
r-release-macos-arm64 | 2.1 | 41.00 | OK | |||
r-release-macos-x86_64 | 2.1 | 65.00 | OK | |||
r-release-windows-x86_64 | 2.1 | 12.00 | 89.00 | 101.00 | OK | |
r-oldrel-macos-arm64 | 2.1 | 50.00 | OK | |||
r-oldrel-macos-x86_64 | 2.1 | 89.00 | OK | |||
r-oldrel-windows-x86_64 | 2.1 | 15.00 | 108.00 | 123.00 | OK |
Version: 2.1
Check: Rd cross-references
Result: NOTE
Found the following Rd file(s) with Rd \link{} targets missing package
anchors:
pchreg.Rd: Surv
Please provide package anchors for all Rd \link{} targets not in the
package itself and the base packages.
Flavors: r-devel-linux-x86_64-debian-clang, r-devel-linux-x86_64-debian-gcc, r-devel-windows-x86_64