Last updated on 2025-02-22 06:51:40 CET.
Flavor | Version | Tinstall | Tcheck | Ttotal | Status | Flags |
---|---|---|---|---|---|---|
r-devel-linux-x86_64-debian-clang | 0.3-7 | 163.70 | 46.53 | 210.23 | OK | |
r-devel-linux-x86_64-debian-gcc | 0.3-7 | 103.12 | 38.85 | 141.97 | OK | |
r-devel-linux-x86_64-fedora-clang | 0.3-7 | 319.81 | OK | |||
r-devel-linux-x86_64-fedora-gcc | 0.3-7 | 337.20 | OK | |||
r-devel-macos-arm64 | 0.3-7 | 5.00 | ERROR | |||
r-devel-macos-x86_64 | 0.3-7 | 10.00 | ERROR | |||
r-devel-windows-x86_64 | 0.3-7 | 227.00 | 84.00 | 311.00 | OK | |
r-patched-linux-x86_64 | 0.3-7 | 140.96 | 43.84 | 184.80 | OK | |
r-release-linux-x86_64 | 0.3-7 | 141.06 | 44.39 | 185.45 | OK | |
r-release-macos-x86_64 | 0.3-7 | 14.00 | ERROR | |||
r-release-windows-x86_64 | 0.3-7 | 225.00 | 83.00 | 308.00 | NOTE | |
r-oldrel-macos-arm64 | 0.3-7 | 10.00 | ERROR | |||
r-oldrel-macos-x86_64 | 0.3-7 | 13.00 | ERROR | |||
r-oldrel-windows-x86_64 | 0.3-7 | 213.00 | 81.00 | 294.00 | NOTE |
Version: 0.3-7
Check: package dependencies
Result: ERROR
Package required but not available: ‘pbdMPI’
See section ‘The DESCRIPTION file’ in the ‘Writing R Extensions’
manual.
Flavors: r-devel-macos-arm64, r-devel-macos-x86_64, r-release-macos-x86_64, r-oldrel-macos-arm64, r-oldrel-macos-x86_64
Version: 0.3-7
Check: installed package size
Result: NOTE
installed size is 5.6Mb
sub-directories of 1Mb or more:
lib 2.9Mb
libs 2.4Mb
Flavors: r-release-windows-x86_64, r-oldrel-windows-x86_64