Last updated on 2025-02-22 06:51:40 CET.
Flavor | Version | Tinstall | Tcheck | Ttotal | Status | Flags |
---|---|---|---|---|---|---|
r-devel-linux-x86_64-debian-clang | 0.2.2 | 65.21 | 236.41 | 301.62 | OK | |
r-devel-linux-x86_64-debian-gcc | 0.2.2 | 51.15 | 166.54 | 217.69 | OK | |
r-devel-linux-x86_64-fedora-clang | 0.2.2 | 519.05 | OK | |||
r-devel-linux-x86_64-fedora-gcc | 0.2.2 | 520.18 | OK | |||
r-devel-macos-arm64 | 0.2.2 | 151.00 | OK | |||
r-devel-macos-x86_64 | 0.2.2 | 275.00 | OK | |||
r-devel-windows-x86_64 | 0.2.2 | 74.00 | 297.00 | 371.00 | OK | |
r-patched-linux-x86_64 | 0.2.2 | 72.57 | 223.52 | 296.09 | OK | |
r-release-linux-x86_64 | 0.2.2 | 73.58 | 221.80 | 295.38 | OK | |
r-release-macos-arm64 | 0.2.2 | 146.00 | NOTE | |||
r-release-macos-x86_64 | 0.2.2 | 238.00 | NOTE | |||
r-release-windows-x86_64 | 0.2.2 | 79.00 | 293.00 | 372.00 | OK | |
r-oldrel-macos-arm64 | 0.2.2 | 141.00 | NOTE | |||
r-oldrel-macos-x86_64 | 0.2.2 | 228.00 | NOTE | |||
r-oldrel-windows-x86_64 | 0.2.2 | 95.00 | 338.00 | 433.00 | OK |
Version: 0.2.2
Check: installed package size
Result: NOTE
installed size is 6.0Mb
sub-directories of 1Mb or more:
libs 4.0Mb
Flavors: r-release-macos-arm64, r-release-macos-x86_64, r-oldrel-macos-arm64, r-oldrel-macos-x86_64