Last updated on 2025-02-22 06:51:40 CET.
Flavor | Version | Tinstall | Tcheck | Ttotal | Status | Flags |
---|---|---|---|---|---|---|
r-devel-linux-x86_64-debian-clang | 1.0.0 | 4.82 | 31.11 | 35.93 | OK | |
r-devel-linux-x86_64-debian-gcc | 1.0.0 | 3.41 | 22.63 | 26.04 | OK | |
r-devel-linux-x86_64-fedora-clang | 1.0.0 | 56.17 | NOTE | |||
r-devel-linux-x86_64-fedora-gcc | 1.0.0 | 55.04 | NOTE | |||
r-devel-macos-arm64 | 1.0.0 | 22.00 | OK | |||
r-devel-macos-x86_64 | 1.0.0 | 39.00 | OK | |||
r-devel-windows-x86_64 | 1.0.0 | 8.00 | 56.00 | 64.00 | OK | |
r-patched-linux-x86_64 | 1.0.0 | 5.37 | 29.02 | 34.39 | OK | |
r-release-linux-x86_64 | 1.0.0 | 5.05 | 29.61 | 34.66 | OK | |
r-release-macos-arm64 | 1.0.0 | 22.00 | OK | |||
r-release-macos-x86_64 | 1.0.0 | 30.00 | OK | |||
r-release-windows-x86_64 | 1.0.0 | 6.00 | 58.00 | 64.00 | OK | |
r-oldrel-macos-arm64 | 1.0.0 | 25.00 | OK | |||
r-oldrel-macos-x86_64 | 1.0.0 | 30.00 | OK | |||
r-oldrel-windows-x86_64 | 1.0.0 | 8.00 | 61.00 | 69.00 | OK |
Version: 1.0.0
Check: dependencies in R code
Result: NOTE
Namespaces in Imports field not imported from:
‘Rdpack’ ‘astsa’
All declared Imports should be used.
Flavors: r-devel-linux-x86_64-fedora-clang, r-devel-linux-x86_64-fedora-gcc