Last updated on 2025-02-22 06:51:40 CET.
Flavor | Version | Tinstall | Tcheck | Ttotal | Status | Flags |
---|---|---|---|---|---|---|
r-devel-linux-x86_64-debian-clang | 1.0-6.1 | 4.57 | 39.35 | 43.92 | NOTE | |
r-devel-linux-x86_64-debian-gcc | 1.0-6.1 | 3.41 | 29.09 | 32.50 | NOTE | |
r-devel-linux-x86_64-fedora-clang | 1.0-6.1 | 70.11 | NOTE | |||
r-devel-linux-x86_64-fedora-gcc | 1.0-6.1 | 66.91 | NOTE | |||
r-devel-macos-arm64 | 1.0-6.1 | 23.00 | NOTE | |||
r-devel-macos-x86_64 | 1.0-6.1 | 57.00 | NOTE | |||
r-devel-windows-x86_64 | 1.0-6.1 | 6.00 | 80.00 | 86.00 | NOTE | |
r-patched-linux-x86_64 | 1.0-6.1 | 6.31 | 37.88 | 44.19 | NOTE | |
r-release-linux-x86_64 | 1.0-6.1 | 3.82 | 37.66 | 41.48 | NOTE | |
r-release-macos-arm64 | 1.0-6.1 | 29.00 | NOTE | |||
r-release-macos-x86_64 | 1.0-6.1 | 33.00 | NOTE | |||
r-release-windows-x86_64 | 1.0-6.1 | 7.00 | 80.00 | 87.00 | NOTE | |
r-oldrel-macos-arm64 | 1.0-6.1 | 29.00 | OK | |||
r-oldrel-macos-x86_64 | 1.0-6.1 | 37.00 | OK | |||
r-oldrel-windows-x86_64 | 1.0-6.1 | 7.00 | 86.00 | 93.00 | OK |
Version: 1.0-6.1
Check: Rd files
Result: NOTE
checkRd: (-1) polynomial.derivatives.Rd:18: Lost braces in \itemize; meant \describe ?
checkRd: (-1) polynomial.derivatives.Rd:19: Lost braces in \itemize; meant \describe ?
checkRd: (-1) polynomial.derivatives.Rd:21: Lost braces in \itemize; meant \describe ?
checkRd: (-1) polynomial.integrals.Rd:18: Lost braces in \itemize; meant \describe ?
checkRd: (-1) polynomial.integrals.Rd:19: Lost braces in \itemize; meant \describe ?
checkRd: (-1) polynomial.integrals.Rd:21: Lost braces in \itemize; meant \describe ?
Flavors: r-devel-linux-x86_64-debian-clang, r-devel-linux-x86_64-debian-gcc, r-devel-linux-x86_64-fedora-clang, r-devel-linux-x86_64-fedora-gcc, r-devel-macos-arm64, r-devel-macos-x86_64, r-devel-windows-x86_64, r-patched-linux-x86_64, r-release-linux-x86_64, r-release-macos-arm64, r-release-macos-x86_64, r-release-windows-x86_64