Last updated on 2025-02-22 06:51:40 CET.
Flavor | Version | Tinstall | Tcheck | Ttotal | Status | Flags |
---|---|---|---|---|---|---|
r-devel-linux-x86_64-debian-clang | 0.6.8 | 193.19 | 100.32 | 293.51 | OK | |
r-devel-linux-x86_64-debian-gcc | 0.6.8 | 143.10 | 74.57 | 217.67 | OK | |
r-devel-linux-x86_64-fedora-clang | 0.6.8 | 544.01 | OK | |||
r-devel-linux-x86_64-fedora-gcc | 0.6.8 | 548.08 | OK | |||
r-devel-macos-arm64 | 0.6.8 | 141.00 | OK | |||
r-devel-macos-x86_64 | 0.6.8 | 215.00 | OK | |||
r-devel-windows-x86_64 | 0.6.8 | 189.00 | 126.00 | 315.00 | OK | |
r-patched-linux-x86_64 | 0.6.8 | 198.56 | 93.55 | 292.11 | OK | |
r-release-linux-x86_64 | 0.6.8 | 192.70 | 94.81 | 287.51 | OK | |
r-release-macos-arm64 | 0.6.8 | 146.00 | NOTE | |||
r-release-macos-x86_64 | 0.6.8 | 130.00 | NOTE | |||
r-release-windows-x86_64 | 0.6.8 | 193.00 | 123.00 | 316.00 | OK | |
r-oldrel-macos-arm64 | 0.6.8 | 122.00 | NOTE | |||
r-oldrel-macos-x86_64 | 0.6.8 | 174.00 | NOTE | |||
r-oldrel-windows-x86_64 | 0.6.8 | 225.00 | 146.00 | 371.00 | OK |
Version: 0.6.8
Check: installed package size
Result: NOTE
installed size is 9.5Mb
sub-directories of 1Mb or more:
libs 9.2Mb
Flavors: r-release-macos-arm64, r-release-macos-x86_64, r-oldrel-macos-arm64, r-oldrel-macos-x86_64