Last updated on 2025-02-22 06:51:40 CET.
Flavor | Version | Tinstall | Tcheck | Ttotal | Status | Flags |
---|---|---|---|---|---|---|
r-devel-linux-x86_64-debian-clang | 0.1.1 | 50.18 | 349.77 | 399.95 | OK | |
r-devel-linux-x86_64-debian-gcc | 0.1.1 | 34.42 | 260.48 | 294.90 | OK | |
r-devel-linux-x86_64-fedora-clang | 0.1.1 | 699.77 | NOTE | |||
r-devel-linux-x86_64-fedora-gcc | 0.1.1 | 682.05 | NOTE | |||
r-devel-macos-arm64 | 0.1.1 | 231.00 | OK | |||
r-devel-macos-x86_64 | 0.1.1 | 402.00 | OK | |||
r-devel-windows-x86_64 | 0.1.1 | 41.00 | 479.00 | 520.00 | OK | |
r-patched-linux-x86_64 | 0.1.1 | 47.36 | 321.78 | 369.14 | OK | |
r-release-linux-x86_64 | 0.1.1 | 47.32 | 319.85 | 367.17 | OK | |
r-release-macos-arm64 | 0.1.1 | 208.00 | OK | |||
r-release-macos-x86_64 | 0.1.1 | 312.00 | OK | |||
r-release-windows-x86_64 | 0.1.1 | 41.00 | 468.00 | 509.00 | OK | |
r-oldrel-macos-arm64 | 0.1.1 | 243.00 | OK | |||
r-oldrel-macos-x86_64 | 0.1.1 | 349.00 | OK | |||
r-oldrel-windows-x86_64 | 0.1.1 | 55.00 | 597.00 | 652.00 | OK |
Version: 0.1.1
Check: dependencies in R code
Result: NOTE
Namespace in Imports field not imported from: ‘devtools’
All declared Imports should be used.
Flavors: r-devel-linux-x86_64-fedora-clang, r-devel-linux-x86_64-fedora-gcc