Last updated on 2025-02-22 06:51:39 CET.
Flavor | Version | Tinstall | Tcheck | Ttotal | Status | Flags |
---|---|---|---|---|---|---|
r-devel-linux-x86_64-debian-clang | 0.2.0 | 3.11 | 32.26 | 35.37 | OK | |
r-devel-linux-x86_64-debian-gcc | 0.2.0 | 2.71 | 24.25 | 26.96 | OK | |
r-devel-linux-x86_64-fedora-clang | 0.2.0 | 56.01 | NOTE | |||
r-devel-linux-x86_64-fedora-gcc | 0.2.0 | 53.70 | NOTE | |||
r-devel-macos-arm64 | 0.2.0 | 24.00 | OK | |||
r-devel-macos-x86_64 | 0.2.0 | 33.00 | OK | |||
r-devel-windows-x86_64 | 0.2.0 | 6.00 | 64.00 | 70.00 | OK | |
r-patched-linux-x86_64 | 0.2.0 | 3.56 | 30.24 | 33.80 | NOTE | |
r-release-linux-x86_64 | 0.2.0 | 3.17 | 30.09 | 33.26 | NOTE | |
r-release-macos-arm64 | 0.2.0 | 22.00 | NOTE | |||
r-release-macos-x86_64 | 0.2.0 | 29.00 | NOTE | |||
r-release-windows-x86_64 | 0.2.0 | 5.00 | 53.00 | 58.00 | NOTE | |
r-oldrel-macos-arm64 | 0.2.0 | 24.00 | NOTE | |||
r-oldrel-macos-x86_64 | 0.2.0 | 30.00 | NOTE | |||
r-oldrel-windows-x86_64 | 0.2.0 | 7.00 | 58.00 | 65.00 | NOTE |
Version: 0.2.0
Check: dependencies in R code
Result: NOTE
Namespaces in Imports field not imported from:
‘e1071’ ‘fs’ ‘pdp’
All declared Imports should be used.
Flavors: r-devel-linux-x86_64-fedora-clang, r-devel-linux-x86_64-fedora-gcc
Version: 0.2.0
Check: LazyData
Result: NOTE
'LazyData' is specified without a 'data' directory
Flavors: r-patched-linux-x86_64, r-release-linux-x86_64, r-release-macos-arm64, r-release-macos-x86_64, r-release-windows-x86_64, r-oldrel-macos-arm64, r-oldrel-macos-x86_64, r-oldrel-windows-x86_64