CRAN Package Check Results for Package nvctr

Last updated on 2025-02-21 06:49:49 CET.

Flavor Version Tinstall Tcheck Ttotal Status Flags
r-devel-linux-x86_64-debian-clang 0.1.4 2.22 29.12 31.34 NOTE
r-devel-linux-x86_64-debian-gcc 0.1.4 1.56 23.64 25.20 NOTE
r-devel-linux-x86_64-fedora-clang 0.1.4 51.52 NOTE
r-devel-linux-x86_64-fedora-gcc 0.1.4 62.48 NOTE
r-devel-macos-arm64 0.1.4 28.00 NOTE
r-devel-macos-x86_64 0.1.4 67.00 NOTE
r-devel-windows-x86_64 0.1.4 4.00 58.00 62.00 NOTE
r-patched-linux-x86_64 0.1.4 2.19 27.85 30.04 NOTE
r-release-linux-x86_64 0.1.4 2.09 27.46 29.55 NOTE
r-release-macos-arm64 0.1.4 26.00 NOTE
r-release-macos-x86_64 0.1.4 45.00 NOTE
r-release-windows-x86_64 0.1.4 3.00 58.00 61.00 NOTE
r-oldrel-macos-arm64 0.1.4 25.00 NOTE
r-oldrel-macos-x86_64 0.1.4 37.00 NOTE
r-oldrel-windows-x86_64 0.1.4 5.00 57.00 62.00 NOTE

Check Details

Version: 0.1.4
Check: Rd files
Result: NOTE checkRd: (-1) xyz2R.Rd:31: Lost braces 31 | \item Finally, code{T} is rotated an angle \code{z} about its NEWEST z-axis. | ^ Flavors: r-devel-linux-x86_64-debian-clang, r-devel-linux-x86_64-debian-gcc, r-devel-linux-x86_64-fedora-clang, r-devel-linux-x86_64-fedora-gcc, r-devel-macos-arm64, r-devel-macos-x86_64, r-devel-windows-x86_64, r-patched-linux-x86_64, r-release-linux-x86_64, r-release-macos-arm64, r-release-macos-x86_64, r-release-windows-x86_64

Version: 0.1.4
Check: LazyData
Result: NOTE 'LazyData' is specified without a 'data' directory Flavors: r-patched-linux-x86_64, r-release-linux-x86_64, r-release-macos-arm64, r-release-macos-x86_64, r-release-windows-x86_64, r-oldrel-macos-arm64, r-oldrel-macos-x86_64, r-oldrel-windows-x86_64